CRAN Package Check Results for Package excursions

Last updated on 2021-04-10 08:48:15 CEST.

Flavor Version Tinstall Tcheck Ttotal Status Flags
r-devel-linux-x86_64-debian-clang 2.5.1 22.16 100.85 123.01 NOTE
r-devel-linux-x86_64-debian-gcc 2.5.1 17.38 75.17 92.55 NOTE
r-devel-linux-x86_64-fedora-clang 2.5.1 153.25 OK
r-devel-linux-x86_64-fedora-gcc 2.5.1 141.16 OK
r-devel-windows-ix86+x86_64 2.5.1 44.00 121.00 165.00 OK
r-devel-windows-x86_64-gcc10-UCRT 2.5.1 NOTE
r-patched-linux-x86_64 2.5.1 20.87 91.01 111.88 NOTE
r-patched-solaris-x86 2.5.1 195.90 NOTE
r-release-linux-x86_64 2.5.1 19.86 90.18 110.04 NOTE
r-release-macos-x86_64 2.5.1 NOTE
r-release-windows-ix86+x86_64 2.5.1 36.00 168.00 204.00 OK
r-oldrel-macos-x86_64 2.5.1 NOTE
r-oldrel-windows-ix86+x86_64 2.5.1 48.00 117.00 165.00 OK

Check Details

Version: 2.5.1
Check: package dependencies
Result: NOTE
    Package suggested but not available for checking: 'INLA'
Flavors: r-devel-linux-x86_64-debian-clang, r-devel-linux-x86_64-debian-gcc, r-devel-windows-x86_64-gcc10-UCRT, r-patched-linux-x86_64, r-patched-solaris-x86, r-release-linux-x86_64, r-release-macos-x86_64, r-oldrel-macos-x86_64