CRAN Package Check Results for Package expint

Last updated on 2021-09-20 08:50:14 CEST.

Flavor Version Tinstall Tcheck Ttotal Status Flags
r-devel-linux-x86_64-debian-clang 0.1-6 2.73 30.42 33.15 NOTE
r-devel-linux-x86_64-debian-gcc 0.1-6 1.90 24.42 26.32 NOTE
r-devel-linux-x86_64-fedora-clang 0.1-6 48.83 NOTE
r-devel-linux-x86_64-fedora-gcc 0.1-6 39.25 NOTE
r-devel-windows-x86_64 0.1-6 6.00 38.00 44.00 NOTE
r-devel-windows-x86_64-gcc10-UCRT 0.1-6 ERROR
r-patched-linux-x86_64 0.1-6 2.60 30.25 32.85 NOTE
r-patched-solaris-x86 0.1-6 61.40 NOTE
r-release-linux-x86_64 0.1-6 2.46 30.16 32.62 NOTE
r-release-macos-arm64 0.1-6 NOTE
r-release-macos-x86_64 0.1-6 NOTE
r-release-windows-ix86+x86_64 0.1-6 10.00 44.00 54.00 NOTE
r-oldrel-macos-x86_64 0.1-6 OK
r-oldrel-windows-ix86+x86_64 0.1-6 8.00 44.00 52.00 OK

Check Details

Version: 0.1-6
Check: LazyData
Result: NOTE
     'LazyData' is specified without a 'data' directory
Flavors: r-devel-linux-x86_64-debian-clang, r-devel-linux-x86_64-debian-gcc, r-devel-linux-x86_64-fedora-clang, r-devel-linux-x86_64-fedora-gcc, r-devel-windows-x86_64, r-patched-linux-x86_64, r-patched-solaris-x86, r-release-linux-x86_64, r-release-macos-arm64, r-release-macos-x86_64, r-release-windows-ix86+x86_64

Version: 0.1-6
Check: whether package can be installed
Result: ERROR
    Installation failed.
Flavor: r-devel-windows-x86_64-gcc10-UCRT