CRAN Package Check Results for Package expss

Last updated on 2024-05-30 08:53:31 CEST.

Flavor Version Tinstall Tcheck Ttotal Status Flags
r-devel-linux-x86_64-debian-clang 0.11.6 19.42 254.51 273.93 NOTE
r-devel-linux-x86_64-debian-gcc 0.11.6 16.50 194.48 210.98 NOTE
r-devel-linux-x86_64-fedora-clang 0.11.6 371.30 NOTE
r-devel-linux-x86_64-fedora-gcc 0.11.6 338.23 NOTE
r-devel-windows-x86_64 0.11.6 17.00 197.00 214.00 NOTE
r-patched-linux-x86_64 0.11.6 26.65 258.53 285.18 NOTE
r-release-linux-x86_64 0.11.6 17.59 250.77 268.36 NOTE
r-release-macos-arm64 0.11.6 67.00 NOTE
r-release-windows-x86_64 0.11.6 18.00 197.00 215.00 NOTE
r-oldrel-macos-arm64 0.11.6 62.00 OK
r-oldrel-macos-x86_64 0.11.6 170.00 OK
r-oldrel-windows-x86_64 0.11.6 23.00 210.00 233.00 OK

Check Details

Version: 0.11.6
Check: Rd files
Result: NOTE checkRd: (-1) as.dichotomy.Rd:94-95: Lost braces in \itemize; meant \describe ? checkRd: (-1) as.dichotomy.Rd:96: Lost braces in \itemize; meant \describe ? checkRd: (-1) as.dichotomy.Rd:97-98: Lost braces in \itemize; meant \describe ? checkRd: (-1) compute.Rd:51-52: Lost braces in \itemize; meant \describe ? checkRd: (-1) compute.Rd:53-56: Lost braces in \itemize; meant \describe ? checkRd: (-1) compute.Rd:57-61: Lost braces in \itemize; meant \describe ? checkRd: (-1) count_if.Rd:121-123: Lost braces in \itemize; meant \describe ? checkRd: (-1) count_if.Rd:124-127: Lost braces in \itemize; meant \describe ? checkRd: (-1) criteria.Rd:162-163: Lost braces in \itemize; meant \describe ? checkRd: (-1) criteria.Rd:164-165: Lost braces in \itemize; meant \describe ? checkRd: (-1) criteria.Rd:166-167: Lost braces in \itemize; meant \describe ? checkRd: (-1) criteria.Rd:168-169: Lost braces in \itemize; meant \describe ? checkRd: (-1) criteria.Rd:170-172: Lost braces in \itemize; meant \describe ? checkRd: (-1) criteria.Rd:173-175: Lost braces in \itemize; meant \describe ? checkRd: (-1) criteria.Rd:176: Lost braces in \itemize; meant \describe ? checkRd: (-1) criteria.Rd:177-178: Lost braces in \itemize; meant \describe ? checkRd: (-1) criteria.Rd:179-180: Lost braces in \itemize; meant \describe ? checkRd: (-1) criteria.Rd:181-182: Lost braces in \itemize; meant \describe ? checkRd: (-1) criteria.Rd:183-184: Lost braces in \itemize; meant \describe ? checkRd: (-1) criteria.Rd:185-186: Lost braces in \itemize; meant \describe ? checkRd: (-1) criteria.Rd:187: Lost braces in \itemize; meant \describe ? checkRd: (-1) criteria.Rd:188-189: Lost braces in \itemize; meant \describe ? checkRd: (-1) criteria.Rd:190-191: Lost braces in \itemize; meant \describe ? checkRd: (-1) criteria.Rd:192: Lost braces in \itemize; meant \describe ? checkRd: (-1) criteria.Rd:196: Lost braces in \itemize; meant \describe ? checkRd: (-1) criteria.Rd:197: Lost braces in \itemize; meant \describe ? checkRd: (-1) criteria.Rd:198: Lost braces in \itemize; meant \describe ? checkRd: (-1) criteria.Rd:199: Lost braces in \itemize; meant \describe ? checkRd: (-1) criteria.Rd:200: Lost braces in \itemize; meant \describe ? checkRd: (-1) criteria.Rd:201: Lost braces in \itemize; meant \describe ? checkRd: (-1) cross_cases.Rd:192: Lost braces in \itemize; meant \describe ? checkRd: (-1) cross_cases.Rd:193-200: Lost braces in \itemize; meant \describe ? checkRd: (-1) cross_cases.Rd:201-202: Lost braces in \itemize; meant \describe ? checkRd: (-1) cross_cases.Rd:203-204: Lost braces in \itemize; meant \describe ? checkRd: (-1) cross_cases.Rd:205-206: Lost braces in \itemize; meant \describe ? checkRd: (-1) cross_cases.Rd:207: Lost braces in \itemize; meant \describe ? checkRd: (-1) cross_cases.Rd:208-209: Lost braces in \itemize; meant \describe ? checkRd: (-1) cross_fun.Rd:246-247: Lost braces in \itemize; meant \describe ? checkRd: (-1) cross_fun.Rd:248-249: Lost braces in \itemize; meant \describe ? checkRd: (-1) cross_fun.Rd:250-252: Lost braces in \itemize; meant \describe ? checkRd: (-1) cross_fun.Rd:253-269: Lost braces in \itemize; meant \describe ? checkRd: (-1) cross_fun.Rd:270-271: Lost braces in \itemize; meant \describe ? checkRd: (-1) cross_fun.Rd:272: Lost braces in \itemize; meant \describe ? checkRd: (-1) cross_fun.Rd:273-281: Lost braces in \itemize; meant \describe ? checkRd: (-1) expss.Rd:16: Lost braces in \itemize; meant \describe ? checkRd: (-1) expss.Rd:17: Lost braces in \itemize; meant \describe ? checkRd: (-1) expss.Rd:18: Lost braces in \itemize; meant \describe ? checkRd: (-1) expss.Rd:19: Lost braces in \itemize; meant \describe ? checkRd: (-1) expss.Rd:20: Lost braces in \itemize; meant \describe ? checkRd: (-1) expss.Rd:21: Lost braces in \itemize; meant \describe ? checkRd: (-1) expss.Rd:22: Lost braces in \itemize; meant \describe ? checkRd: (-1) expss.Rd:23: Lost braces in \itemize; meant \describe ? checkRd: (-1) expss.Rd:24: Lost braces in \itemize; meant \describe ? checkRd: (-1) expss.Rd:25: Lost braces in \itemize; meant \describe ? checkRd: (-1) expss.Rd:26: Lost braces in \itemize; meant \describe ? checkRd: (-1) expss.Rd:27: Lost braces in \itemize; meant \describe ? checkRd: (-1) expss.Rd:28: Lost braces in \itemize; meant \describe ? checkRd: (-1) expss.Rd:29: Lost braces in \itemize; meant \describe ? checkRd: (-1) expss.Rd:30: Lost braces in \itemize; meant \describe ? checkRd: (-1) expss.Rd:31: Lost braces in \itemize; meant \describe ? checkRd: (-1) expss.Rd:38: Lost braces in \itemize; meant \describe ? checkRd: (-1) expss.Rd:39: Lost braces in \itemize; meant \describe ? checkRd: (-1) expss.Rd:40: Lost braces in \itemize; meant \describe ? checkRd: (-1) expss.Rd:41: Lost braces in \itemize; meant \describe ? checkRd: (-1) expss.Rd:42: Lost braces in \itemize; meant \describe ? checkRd: (-1) expss.Rd:43: Lost braces in \itemize; meant \describe ? checkRd: (-1) expss.Rd:44: Lost braces in \itemize; meant \describe ? checkRd: (-1) expss.Rd:45: Lost braces in \itemize; meant \describe ? checkRd: (-1) expss.options.Rd:76-81: Lost braces in \itemize; meant \describe ? checkRd: (-1) expss.options.Rd:82-89: Lost braces in \itemize; meant \describe ? checkRd: (-1) expss.options.Rd:90-105: Lost braces in \itemize; meant \describe ? checkRd: (-1) expss.options.Rd:106-120: Lost braces in \itemize; meant \describe ? checkRd: (-1) expss.options.Rd:121-123: Lost braces in \itemize; meant \describe ? checkRd: (-1) if_na.Rd:57-60: Lost braces in \itemize; meant \describe ? checkRd: (-1) if_na.Rd:61-62: Lost braces in \itemize; meant \describe ? checkRd: (-1) if_na.Rd:63-67: Lost braces in \itemize; meant \describe ? checkRd: (-1) mrset.Rd:49-50: Lost braces in \itemize; meant \describe ? checkRd: (-1) mrset.Rd:51-52: Lost braces in \itemize; meant \describe ? checkRd: (-1) mrset.Rd:53-54: Lost braces in \itemize; meant \describe ? checkRd: (-1) qc.Rd:21-24: Lost braces in \itemize; meant \describe ? checkRd: (-1) qc.Rd:25: Lost braces in \itemize; meant \describe ? checkRd: (-1) recode.Rd:106-107: Lost braces in \itemize; meant \describe ? checkRd: (-1) recode.Rd:108-109: Lost braces in \itemize; meant \describe ? checkRd: (-1) recode.Rd:110-112: Lost braces in \itemize; meant \describe ? checkRd: (-1) recode.Rd:117-118: Lost braces in \itemize; meant \describe ? checkRd: (-1) recode.Rd:119-121: Lost braces in \itemize; meant \describe ? checkRd: (-1) recode.Rd:122-125: Lost braces in \itemize; meant \describe ? checkRd: (-1) significance.Rd:312-314: Lost braces in \itemize; meant \describe ? checkRd: (-1) significance.Rd:315-317: Lost braces in \itemize; meant \describe ? checkRd: (-1) significance.Rd:318-320: Lost braces in \itemize; meant \describe ? checkRd: (-1) significance.Rd:321-333: Lost braces in \itemize; meant \describe ? checkRd: (-1) significance.Rd:338-339: Lost braces in \itemize; meant \describe ? checkRd: (-1) significance.Rd:340-342: Lost braces in \itemize; meant \describe ? checkRd: (-1) significance.Rd:343-350: Lost braces in \itemize; meant \describe ? checkRd: (-1) significance.Rd:358-361: Lost braces in \itemize; meant \describe ? checkRd: (-1) significance.Rd:362-363: Lost braces in \itemize; meant \describe ? checkRd: (-1) significance.Rd:364-367: Lost braces in \itemize; meant \describe ? checkRd: (-1) significance.Rd:368-370: Lost braces in \itemize; meant \describe ? checkRd: (-1) tables.Rd:225-227: Lost braces in \itemize; meant \describe ? checkRd: (-1) tables.Rd:228-230: Lost braces in \itemize; meant \describe ? checkRd: (-1) tables.Rd:231-232: Lost braces in \itemize; meant \describe ? checkRd: (-1) tables.Rd:233: Lost braces in \itemize; meant \describe ? checkRd: (-1) tables.Rd:234-236: Lost braces in \itemize; meant \describe ? checkRd: (-1) tables.Rd:237-238: Lost braces in \itemize; meant \describe ? checkRd: (-1) tables.Rd:239-240: Lost braces in \itemize; meant \describe ? checkRd: (-1) tables.Rd:241-243: Lost braces in \itemize; meant \describe ? checkRd: (-1) tables.Rd:244-246: Lost braces in \itemize; meant \describe ? checkRd: (-1) tables.Rd:247-251: Lost braces in \itemize; meant \describe ? checkRd: (-1) tables.Rd:252-260: Lost braces in \itemize; meant \describe ? checkRd: (-1) tables.Rd:261: Lost braces in \itemize; meant \describe ? checkRd: (-1) tables.Rd:262-269: Lost braces in \itemize; meant \describe ? checkRd: (-1) tables.Rd:270-271: Lost braces in \itemize; meant \describe ? checkRd: (-1) tables.Rd:272-273: Lost braces in \itemize; meant \describe ? checkRd: (-1) tables.Rd:277-278: Lost braces in \itemize; meant \describe ? checkRd: (-1) tables.Rd:279-280: Lost braces in \itemize; meant \describe ? checkRd: (-1) tables.Rd:281: Lost braces in \itemize; meant \describe ? checkRd: (-1) tables.Rd:282-283: Lost braces in \itemize; meant \describe ? checkRd: (-1) val_lab.Rd:72-73: Lost braces in \itemize; meant \describe ? checkRd: (-1) val_lab.Rd:74: Lost braces in \itemize; meant \describe ? checkRd: (-1) val_lab.Rd:75: Lost braces in \itemize; meant \describe ? checkRd: (-1) val_lab.Rd:76: Lost braces in \itemize; meant \describe ? checkRd: (-1) val_lab.Rd:77: Lost braces in \itemize; meant \describe ? checkRd: (-1) val_lab.Rd:78: Lost braces in \itemize; meant \describe ? checkRd: (-1) val_lab.Rd:79-80: Lost braces in \itemize; meant \describe ? checkRd: (-1) var_lab.Rd:49-50: Lost braces in \itemize; meant \describe ? checkRd: (-1) var_lab.Rd:51: Lost braces in \itemize; meant \describe ? checkRd: (-1) var_lab.Rd:52: Lost braces in \itemize; meant \describe ? checkRd: (-1) var_lab.Rd:53: Lost braces in \itemize; meant \describe ? checkRd: (-1) var_lab.Rd:54-59: Lost braces in \itemize; meant \describe ? checkRd: (-1) vars.Rd:52-57: Lost braces in \itemize; meant \describe ? checkRd: (-1) vars.Rd:58-60: Lost braces in \itemize; meant \describe ? checkRd: (-1) vars.Rd:61-63: Lost braces in \itemize; meant \describe ? checkRd: (-1) vars.Rd:64-66: Lost braces in \itemize; meant \describe ? checkRd: (-1) vars.Rd:67-76: Lost braces in \itemize; meant \describe ? checkRd: (-1) vars.Rd:77-79: Lost braces in \itemize; meant \describe ? checkRd: (-1) vars.Rd:80-81: Lost braces in \itemize; meant \describe ? checkRd: (-1) vars.Rd:82-83: Lost braces in \itemize; meant \describe ? checkRd: (-1) vectors.Rd:61-62: Lost braces in \itemize; meant \describe ? checkRd: (-1) vectors.Rd:63-64: Lost braces in \itemize; meant \describe ? checkRd: (-1) vectors.Rd:65-67: Lost braces in \itemize; meant \describe ? checkRd: (-1) vectors.Rd:68-71: Lost braces in \itemize; meant \describe ? checkRd: (-1) vectors.Rd:72-73: Lost braces in \itemize; meant \describe ? checkRd: (-1) vectors.Rd:74-75: Lost braces in \itemize; meant \describe ? checkRd: (-1) vectors.Rd:76-79: Lost braces in \itemize; meant \describe ? checkRd: (-1) vectors.Rd:80-83: Lost braces in \itemize; meant \describe ? checkRd: (-1) w_mean.Rd:77: Lost braces 77 | \item{{\code{w_mean}}{ weighted mean of a numeric vector}} | ^ checkRd: (-1) w_mean.Rd:78: Lost braces 78 | \item{{\code{w_sd}}{ weighted sample standard deviation of a numeric vector}} | ^ checkRd: (-1) w_mean.Rd:79: Lost braces 79 | \item{{\code{w_var}}{ weighted sample variance of a numeric vector}} | ^ checkRd: (-1) w_mean.Rd:80: Lost braces 80 | \item{{\code{w_se}}{ weighted standard error of a numeric vector}} | ^ checkRd: (-1) w_mean.Rd:81: Lost braces 81 | \item{{\code{w_median}}{ weighted median of a numeric vector}} | ^ checkRd: (-1) w_mean.Rd:82: Lost braces 82 | \item{{\code{w_mad}}{ weighted mean absolute deviation from median of a numeric vector}} | ^ checkRd: (-1) w_mean.Rd:83: Lost braces 83 | \item{{\code{w_sum}}{ weighted sum of a numeric vector}} | ^ checkRd: (-1) w_mean.Rd:84: Lost braces 84 | \item{{\code{w_n}}{ weighted number of values of a numeric vector}} | ^ checkRd: (-1) w_mean.Rd:85: Lost braces 85 | \item{{\code{w_cov}}{ weighted covariance matrix of a numeric matrix/data.frame}} | ^ checkRd: (-1) w_mean.Rd:86: Lost braces 86 | \item{{\code{w_cor}}{ weighted Pearson correlation matrix of a numeric matrix/data.frame}} | ^ checkRd: (-1) w_mean.Rd:87-88: Lost braces 87 | \item{{\code{w_pearson}}{ shortcut for \code{w_cor}. Weighted Pearson | ^ checkRd: (-1) w_mean.Rd:89: Lost braces 89 | \item{{\code{w_spearman}}{ weighted Spearman correlation matrix of a numeric matrix/data.frame}} | ^ checkRd: (-1) write_labelled_csv.Rd:152-156: Lost braces in \itemize; meant \describe ? checkRd: (-1) write_labelled_csv.Rd:157-160: Lost braces in \itemize; meant \describe ? checkRd: (-1) write_labelled_csv.Rd:161-164: Lost braces in \itemize; meant \describe ? checkRd: (-1) write_labelled_csv.Rd:165-166: Lost braces in \itemize; meant \describe ? checkRd: (-1) write_labelled_csv.Rd:167-169: Lost braces in \itemize; meant \describe ? checkRd: (-1) write_labelled_csv.Rd:170-172: Lost braces in \itemize; meant \describe ? checkRd: (-1) write_labelled_csv.Rd:173-175: Lost braces in \itemize; meant \describe ? checkRd: (-1) write_labelled_csv.Rd:181-182: Lost braces in \itemize; meant \describe ? checkRd: (-1) write_labelled_csv.Rd:183: Lost braces in \itemize; meant \describe ? checkRd: (-1) write_labelled_csv.Rd:184-185: Lost braces in \itemize; meant \describe ? checkRd: (-1) write_labelled_csv.Rd:186-191: Lost braces in \itemize; meant \describe ? Flavors: r-devel-linux-x86_64-debian-clang, r-devel-linux-x86_64-debian-gcc, r-devel-linux-x86_64-fedora-clang, r-devel-linux-x86_64-fedora-gcc, r-devel-windows-x86_64, r-patched-linux-x86_64, r-release-linux-x86_64, r-release-macos-arm64, r-release-windows-x86_64