Last updated on 2024-03-12 07:49:53 CET.
Flavor | Version | Tinstall | Tcheck | Ttotal | Status | Flags |
---|---|---|---|---|---|---|
r-devel-linux-x86_64-debian-clang | 4032.91 | 20.34 | 145.57 | 165.91 | WARN | |
r-devel-linux-x86_64-debian-gcc | 4032.91 | 15.24 | 111.90 | 127.14 | OK | |
r-devel-linux-x86_64-fedora-clang | 4032.91 | 202.37 | OK | |||
r-devel-linux-x86_64-fedora-gcc | 4032.91 | 195.59 | OK | |||
r-devel-windows-x86_64 | 4032.91 | 19.00 | 144.00 | 163.00 | OK | |
r-patched-linux-x86_64 | 4032.91 | 20.11 | 143.50 | 163.61 | OK | |
r-release-linux-x86_64 | 4032.91 | 20.89 | 143.12 | 164.01 | OK | |
r-release-macos-arm64 | 4032.91 | 72.00 | OK | |||
r-release-macos-x86_64 | 4032.91 | 145.00 | OK | |||
r-release-windows-x86_64 | 4032.91 | 23.00 | 163.00 | 186.00 | OK | |
r-oldrel-macos-arm64 | 4032.91 | 65.00 | OK | |||
r-oldrel-windows-x86_64 | 4032.91 | 24.00 | 213.00 | 237.00 | OK |
Version: 4032.91
Check: whether package can be installed
Result: WARN
Found the following significant warnings:
flang-new: warning: argument unused during compilation: '-Wall' [-Wunused-command-line-argument]
See ‘/home/hornik/tmp/R.check/r-devel-clang/Work/PKGS/fGarch.Rcheck/00install.out’ for details.
* used C compiler: ‘Debian clang version 18.1.0 (rc4-1)’
* used Fortran compiler: ‘Debian flang-new version 18.1.0 (rc4-1)’
Flavor: r-devel-linux-x86_64-debian-clang