Last updated on 2024-04-18 08:54:29 CEST.
Flavor | Version | Tinstall | Tcheck | Ttotal | Status | Flags |
---|---|---|---|---|---|---|
r-devel-linux-x86_64-debian-clang | 1.2.2 | 41.93 | 168.41 | 210.34 | OK | |
r-devel-linux-x86_64-debian-gcc | 1.2.2 | 37.40 | 120.85 | 158.25 | OK | |
r-devel-linux-x86_64-fedora-clang | 1.2.2 | 276.58 | NOTE | |||
r-devel-linux-x86_64-fedora-gcc | 1.2.2 | 274.01 | OK | |||
r-prerel-macos-arm64 | 1.2.2 | 83.00 | NOTE | |||
r-prerel-macos-x86_64 | 1.2.2 | 229.00 | NOTE | |||
r-prerel-windows-x86_64 | 1.2.2 | 38.00 | 157.00 | 195.00 | NOTE | |
r-patched-linux-x86_64 | 1.2.2 | 33.32 | 158.56 | 191.88 | OK | |
r-release-linux-x86_64 | 1.2.2 | 32.42 | 156.92 | 189.34 | OK | |
r-release-macos-arm64 | 1.2.2 | 89.00 | NOTE | |||
r-release-macos-x86_64 | 1.2.2 | 204.00 | NOTE | |||
r-release-windows-x86_64 | 1.2.2 | 53.00 | 198.00 | 251.00 | NOTE | |
r-oldrel-macos-arm64 | 1.2.2 | 90.00 | NOTE | |||
r-oldrel-windows-x86_64 | 1.2.2 | 51.00 | 190.00 | 241.00 | NOTE |
Version: 1.2.2
Check: installed package size
Result: NOTE
installed size is 6.2Mb
sub-directories of 1Mb or more:
data 1.9Mb
extdata 2.8Mb
Flavors: r-devel-linux-x86_64-fedora-clang, r-prerel-macos-arm64, r-prerel-macos-x86_64, r-prerel-windows-x86_64, r-release-macos-arm64, r-release-macos-x86_64, r-release-windows-x86_64, r-oldrel-macos-arm64, r-oldrel-windows-x86_64