Last updated on 2024-04-24 07:57:39 CEST.
Flavor | Version | Tinstall | Tcheck | Ttotal | Status | Flags |
---|---|---|---|---|---|---|
r-devel-linux-x86_64-debian-clang | 0.3.4 | 37.85 | 202.10 | 239.95 | OK | |
r-devel-linux-x86_64-debian-gcc | 0.3.4 | 27.85 | 144.03 | 171.88 | OK | |
r-devel-linux-x86_64-fedora-clang | 0.3.4 | 300.97 | NOTE | |||
r-devel-linux-x86_64-fedora-gcc | 0.3.4 | 301.73 | OK | |||
r-prerel-macos-arm64 | 0.3.4 | 78.00 | OK | |||
r-prerel-macos-x86_64 | 0.3.4 | 196.00 | OK | |||
r-prerel-windows-x86_64 | 0.3.4 | 34.00 | 201.00 | 235.00 | OK | |
r-patched-linux-x86_64 | 0.3.4 | 33.58 | 189.00 | 222.58 | OK | |
r-release-linux-x86_64 | 0.3.4 | 31.93 | 191.84 | 223.77 | OK | |
r-release-macos-arm64 | 0.3.4 | 83.00 | OK | |||
r-release-macos-x86_64 | 0.3.4 | 181.00 | OK | |||
r-release-windows-x86_64 | 0.3.4 | 42.00 | 238.00 | 280.00 | OK | |
r-oldrel-macos-arm64 | 0.3.4 | 80.00 | OK | |||
r-oldrel-windows-x86_64 | 0.3.4 | 37.00 | 219.00 | 256.00 | OK |
Version: 0.3.4
Check: Rd cross-references
Result: NOTE
Undeclared package ‘lmtest’ in Rd xrefs
Flavor: r-devel-linux-x86_64-fedora-clang