Last updated on 2024-04-25 07:59:51 CEST.
Flavor | Version | Tinstall | Tcheck | Ttotal | Status | Flags |
---|---|---|---|---|---|---|
r-devel-linux-x86_64-debian-clang | 0.9-1 | 73.92 | 90.13 | 164.05 | OK | |
r-devel-linux-x86_64-debian-gcc | 0.9-1 | 64.23 | 68.39 | 132.62 | OK | |
r-devel-linux-x86_64-fedora-clang | 0.9-1 | 227.45 | OK | |||
r-devel-linux-x86_64-fedora-gcc | 0.9-1 | 242.77 | OK | |||
r-devel-windows-x86_64 | 0.9-1 | 59.00 | 106.00 | 165.00 | OK | |
r-patched-linux-x86_64 | 0.9-1 | 74.69 | 89.10 | 163.79 | OK | |
r-release-linux-x86_64 | 0.9-1 | 73.20 | 86.99 | 160.19 | OK | |
r-release-macos-arm64 | 0.9-1 | 62.00 | NOTE | |||
r-release-windows-x86_64 | 0.9-1 | 59.00 | 106.00 | 165.00 | OK | |
r-oldrel-macos-arm64 | 0.9-1 | 68.00 | NOTE | |||
r-oldrel-macos-x86_64 | 0.9-1 | 192.00 | NOTE | |||
r-oldrel-windows-x86_64 | 0.9-1 | 77.00 | 125.00 | 202.00 | OK |
Version: 0.9-1
Check: installed package size
Result: NOTE
installed size is 11.8Mb
sub-directories of 1Mb or more:
libs 11.5Mb
Flavors: r-release-macos-arm64, r-oldrel-macos-arm64, r-oldrel-macos-x86_64