CRAN Package Check Results for Package fansi

Last updated on 2021-04-22 08:48:17 CEST.

Flavor Version Tinstall Tcheck Ttotal Status Flags
r-devel-linux-x86_64-debian-clang 0.4.2 6.82 48.75 55.57 NOTE
r-devel-linux-x86_64-debian-gcc 0.4.2 5.47 38.56 44.03 NOTE
r-devel-linux-x86_64-fedora-clang 0.4.2 74.51 NOTE
r-devel-linux-x86_64-fedora-gcc 0.4.2 67.62 NOTE
r-devel-windows-ix86+x86_64 0.4.2 3.00 8.00 11.00 ERROR
r-devel-windows-x86_64-gcc10-UCRT 0.4.2 NOTE
r-patched-linux-x86_64 0.4.2 6.74 47.16 53.90 WARN
r-patched-solaris-x86 0.4.2 90.70 OK
r-release-linux-x86_64 0.4.2 6.77 47.64 54.41 OK
r-release-macos-x86_64 0.4.2 OK
r-release-windows-ix86+x86_64 0.4.2 27.00 82.00 109.00 OK
r-oldrel-macos-x86_64 0.4.2 OK
r-oldrel-windows-ix86+x86_64 0.4.2 22.00 91.00 113.00 OK

Check Details

Version: 0.4.2
Check: LazyData
Result: NOTE
     'LazyData' is specified without a 'data' directory
Flavors: r-devel-linux-x86_64-debian-clang, r-devel-linux-x86_64-debian-gcc, r-devel-linux-x86_64-fedora-clang, r-devel-linux-x86_64-fedora-gcc, r-devel-windows-x86_64-gcc10-UCRT

Version: 0.4.2
Check: whether package can be installed
Result: ERROR
    Installation failed.
Flavor: r-devel-windows-ix86+x86_64

Version: 0.4.2
Check: whether package can be installed
Result: WARN
    Found the following significant warnings:
     Rd warning: /tmp/RtmpUCZpSS/R.INSTALL7d6a3f2fd78/fansi/man/strsplit_ctl.Rd:35: file link ‘regular expression’ in package ‘base’ does not exist and so has been treated as a topic
     Rd warning: /tmp/RtmpUCZpSS/R.INSTALL7d6a3f2fd78/fansi/man/strtrim_ctl.Rd:33: file link ‘as.character’ in package ‘base’ does not exist and so has been treated as a topic
     Rd warning: /tmp/RtmpUCZpSS/R.INSTALL7d6a3f2fd78/fansi/man/strwrap_ctl.Rd:72: file link ‘as.character’ in package ‘base’ does not exist and so has been treated as a topic
Flavor: r-patched-linux-x86_64