Last updated on 2024-04-24 07:57:39 CEST.
Flavor | Version | Tinstall | Tcheck | Ttotal | Status | Flags |
---|---|---|---|---|---|---|
r-devel-linux-x86_64-debian-clang | 0.7.6 | 10.87 | 102.88 | 113.75 | NOTE | |
r-devel-linux-x86_64-debian-gcc | 0.7.6 | 9.52 | 74.73 | 84.25 | NOTE | |
r-devel-linux-x86_64-fedora-clang | 0.7.6 | 141.55 | NOTE | |||
r-devel-linux-x86_64-fedora-gcc | 0.7.6 | 134.91 | NOTE | |||
r-prerel-macos-arm64 | 0.7.6 | 42.00 | NOTE | |||
r-prerel-windows-x86_64 | 0.7.6 | 12.00 | 88.00 | 100.00 | NOTE | |
r-patched-linux-x86_64 | 0.7.6 | 9.13 | 94.35 | 103.48 | NOTE | |
r-release-linux-x86_64 | 0.7.6 | 10.52 | 99.76 | 110.28 | NOTE | |
r-release-macos-arm64 | 0.7.6 | 50.00 | NOTE | |||
r-release-macos-x86_64 | 0.7.6 | 73.00 | NOTE | |||
r-release-windows-x86_64 | 0.7.6 | 15.00 | 107.00 | 122.00 | NOTE | |
r-oldrel-macos-arm64 | 0.7.6 | 42.00 | OK | |||
r-oldrel-windows-x86_64 | 0.7.6 | 14.00 | 108.00 | 122.00 | OK |
Version: 0.7.6
Check: package subdirectories
Result: NOTE
Problems with news in ‘NEWS.md’:
No news entries found.
Flavors: r-devel-linux-x86_64-debian-clang, r-devel-linux-x86_64-debian-gcc, r-devel-linux-x86_64-fedora-clang, r-devel-linux-x86_64-fedora-gcc, r-prerel-macos-arm64, r-prerel-windows-x86_64, r-patched-linux-x86_64, r-release-linux-x86_64, r-release-macos-arm64, r-release-macos-x86_64, r-release-windows-x86_64