Last updated on 2024-03-12 07:49:53 CET.
Flavor | Version | Tinstall | Tcheck | Ttotal | Status | Flags |
---|---|---|---|---|---|---|
r-devel-linux-x86_64-debian-clang | 1.1.1 | 6.27 | 45.14 | 51.41 | OK | |
r-devel-linux-x86_64-debian-gcc | 1.1.1 | 5.59 | 35.01 | 40.60 | OK | |
r-devel-linux-x86_64-fedora-clang | 1.1.1 | 69.40 | NOTE | |||
r-devel-linux-x86_64-fedora-gcc | 1.1.1 | 62.93 | OK | |||
r-devel-windows-x86_64 | 1.1.1 | 10.00 | 56.00 | 66.00 | OK | |
r-patched-linux-x86_64 | 1.1.1 | 4.75 | 44.41 | 49.16 | OK | |
r-release-linux-x86_64 | 1.1.1 | 4.72 | 44.52 | 49.24 | OK | |
r-release-macos-arm64 | 1.1.1 | 28.00 | OK | |||
r-release-macos-x86_64 | 1.1.1 | 38.00 | OK | |||
r-release-windows-x86_64 | 1.1.1 | 12.00 | 57.00 | 69.00 | OK | |
r-oldrel-macos-arm64 | 1.1.1 | 23.00 | OK | |||
r-oldrel-windows-x86_64 | 1.1.1 | 11.00 | 64.00 | 75.00 | OK |
Version: 1.1.1
Check: Rd cross-references
Result: NOTE
Undeclared package ‘RWeka’ in Rd xrefs
Flavor: r-devel-linux-x86_64-fedora-clang