CRAN Package Check Results for Package fastAdaboost

Last updated on 2021-05-18 08:48:10 CEST.

Flavor Version Tinstall Tcheck Ttotal Status Flags
r-devel-linux-x86_64-debian-clang 1.0.0 43.85 33.22 77.07 NOTE
r-devel-linux-x86_64-debian-gcc 1.0.0 28.41 26.60 55.01 NOTE
r-devel-linux-x86_64-fedora-clang 1.0.0 115.30 NOTE
r-devel-linux-x86_64-fedora-gcc 1.0.0 93.82 NOTE
r-devel-windows-ix86+x86_64 1.0.0 108.00 84.00 192.00 NOTE
r-devel-windows-x86_64-gcc10-UCRT 1.0.0 NOTE
r-patched-linux-x86_64 1.0.0 32.99 32.01 65.00 NOTE
r-patched-solaris-x86 1.0.0 115.10 NOTE
r-release-linux-x86_64 1.0.0 31.97 31.67 63.64 OK
r-release-macos-x86_64 1.0.0 OK
r-release-windows-ix86+x86_64 1.0.0 89.00 63.00 152.00 OK
r-oldrel-macos-x86_64 1.0.0 OK
r-oldrel-windows-ix86+x86_64 1.0.0 77.00 77.00 154.00 OK

Additional issues

clang-UBSAN

Check Details

Version: 1.0.0
Check: LazyData
Result: NOTE
     'LazyData' is specified without a 'data' directory
Flavors: r-devel-linux-x86_64-debian-clang, r-devel-linux-x86_64-debian-gcc, r-devel-linux-x86_64-fedora-clang, r-devel-linux-x86_64-fedora-gcc, r-devel-windows-ix86+x86_64, r-devel-windows-x86_64-gcc10-UCRT, r-patched-linux-x86_64, r-patched-solaris-x86

Version: 1.0.0
Check: compiled code
Result: NOTE
    File ‘fastAdaboost/libs/fastAdaboost.so’:
     Found no calls to: ‘R_registerRoutines’, ‘R_useDynamicSymbols’
    
    It is good practice to register native routines and to disable symbol
    search.
    
    See ‘Writing portable packages’ in the ‘Writing R Extensions’ manual.
Flavors: r-devel-linux-x86_64-fedora-clang, r-devel-linux-x86_64-fedora-gcc