Last updated on 2024-03-12 07:49:53 CET.
Flavor | Version | Tinstall | Tcheck | Ttotal | Status | Flags |
---|---|---|---|---|---|---|
r-devel-linux-x86_64-debian-clang | 1.0.6 | 29.65 | 45.07 | 74.72 | NOTE | |
r-devel-linux-x86_64-debian-gcc | 1.0.6 | 24.01 | 36.27 | 60.28 | NOTE | |
r-devel-linux-x86_64-fedora-clang | 1.0.6 | 113.85 | NOTE | |||
r-devel-linux-x86_64-fedora-gcc | 1.0.6 | 114.94 | NOTE | |||
r-devel-windows-x86_64 | 1.0.6 | 25.00 | 91.00 | 116.00 | NOTE | |
r-patched-linux-x86_64 | 1.0.6 | 29.82 | 43.54 | 73.36 | NOTE | |
r-release-linux-x86_64 | 1.0.6 | 32.94 | 43.97 | 76.91 | NOTE | |
r-release-macos-arm64 | 1.0.6 | 40.00 | NOTE | |||
r-release-macos-x86_64 | 1.0.6 | 63.00 | NOTE | |||
r-release-windows-x86_64 | 1.0.6 | 28.00 | 96.00 | 124.00 | NOTE | |
r-oldrel-macos-arm64 | 1.0.6 | 38.00 | OK | |||
r-oldrel-windows-x86_64 | 1.0.6 | 33.00 | 96.00 | 129.00 | OK |
Version: 1.0.6
Check: C++ specification
Result: NOTE
Specified C++11: please drop specification unless essential
Flavors: r-devel-linux-x86_64-debian-clang, r-devel-linux-x86_64-debian-gcc, r-devel-linux-x86_64-fedora-clang, r-devel-linux-x86_64-fedora-gcc, r-devel-windows-x86_64, r-patched-linux-x86_64, r-release-linux-x86_64, r-release-macos-arm64, r-release-macos-x86_64, r-release-windows-x86_64