Last updated on 2024-04-20 08:50:52 CEST.
Flavor | Version | Tinstall | Tcheck | Ttotal | Status | Flags |
---|---|---|---|---|---|---|
r-devel-linux-x86_64-debian-clang | 0.6.1 | 71.28 | 131.48 | 202.76 | OK | |
r-devel-linux-x86_64-debian-gcc | 0.6.1 | 56.42 | 95.15 | 151.57 | OK | |
r-devel-linux-x86_64-fedora-clang | 0.6.1 | 265.76 | NOTE | |||
r-devel-linux-x86_64-fedora-gcc | 0.6.1 | 254.45 | OK | |||
r-prerel-macos-arm64 | 0.6.1 | 59.00 | NOTE | |||
r-prerel-windows-x86_64 | 0.6.1 | 57.00 | 133.00 | 190.00 | NOTE | |
r-patched-linux-x86_64 | 0.6.1 | 66.48 | 123.41 | 189.89 | OK | |
r-release-linux-x86_64 | 0.6.1 | 66.41 | 124.02 | 190.43 | OK | |
r-release-macos-arm64 | 0.6.1 | 71.00 | NOTE | |||
r-release-macos-x86_64 | 0.6.1 | 207.00 | NOTE | |||
r-release-windows-x86_64 | 0.6.1 | 75.00 | 161.00 | 236.00 | NOTE | |
r-oldrel-macos-arm64 | 0.6.1 | 70.00 | NOTE | |||
r-oldrel-windows-x86_64 | 0.6.1 | 71.00 | 161.00 | 232.00 | NOTE |
Version: 0.6.1
Check: installed package size
Result: NOTE
installed size is 5.4Mb
sub-directories of 1Mb or more:
data 4.8Mb
Flavors: r-devel-linux-x86_64-fedora-clang, r-prerel-macos-arm64, r-prerel-windows-x86_64, r-release-macos-arm64, r-release-macos-x86_64, r-release-windows-x86_64, r-oldrel-macos-arm64, r-oldrel-windows-x86_64