Last updated on 2024-04-18 08:54:29 CEST.
Flavor | Version | Tinstall | Tcheck | Ttotal | Status | Flags |
---|---|---|---|---|---|---|
r-devel-linux-x86_64-debian-clang | 0.0-4 | 36.93 | 32.13 | 69.06 | OK | |
r-devel-linux-x86_64-debian-gcc | 0.0-4 | 24.66 | 24.87 | 49.53 | OK | |
r-devel-linux-x86_64-fedora-clang | 0.0-4 | 88.93 | NOTE | |||
r-devel-linux-x86_64-fedora-gcc | 0.0-4 | 87.07 | OK | |||
r-prerel-macos-arm64 | 0.0-4 | 28.00 | OK | |||
r-prerel-windows-x86_64 | 0.0-4 | 25.00 | 72.00 | 97.00 | OK | |
r-patched-linux-x86_64 | 0.0-4 | 28.78 | 31.80 | 60.58 | OK | |
r-release-linux-x86_64 | 0.0-4 | 27.39 | 31.82 | 59.21 | OK | |
r-release-macos-arm64 | 0.0-4 | 32.00 | OK | |||
r-release-macos-x86_64 | 0.0-4 | 46.00 | OK | |||
r-release-windows-x86_64 | 0.0-4 | 33.00 | 77.00 | 110.00 | OK | |
r-oldrel-macos-arm64 | 0.0-4 | 28.00 | OK | |||
r-oldrel-windows-x86_64 | 0.0-4 | 31.00 | 74.00 | 105.00 | OK |
Version: 0.0-4
Check: Rd cross-references
Result: NOTE
Undeclared packages ‘ICSNP’, ‘ICS’ in Rd xrefs
Flavor: r-devel-linux-x86_64-fedora-clang