Last updated on 2024-04-18 08:54:29 CEST.
Flavor | Version | Tinstall | Tcheck | Ttotal | Status | Flags |
---|---|---|---|---|---|---|
r-devel-linux-x86_64-debian-clang | 2.2.2 | 33.39 | 312.85 | 346.24 | OK | |
r-devel-linux-x86_64-debian-gcc | 2.2.2 | 21.41 | 223.83 | 245.24 | OK | |
r-devel-linux-x86_64-fedora-clang | 2.2.2 | 452.34 | NOTE | |||
r-devel-linux-x86_64-fedora-gcc | 2.2.2 | 441.08 | OK | |||
r-prerel-macos-arm64 | 2.2.2 | 94.00 | NOTE | |||
r-prerel-macos-x86_64 | 2.2.2 | 185.00 | NOTE | |||
r-prerel-windows-x86_64 | 2.2.2 | 85.00 | 969.00 | 1054.00 | NOTE | |
r-patched-linux-x86_64 | 2.2.1 | 36.82 | 275.59 | 312.41 | NOTE | |
r-release-linux-x86_64 | 2.2.2 | 25.98 | 290.06 | 316.04 | OK | |
r-release-macos-arm64 | 2.2.2 | 112.00 | NOTE | |||
r-release-macos-x86_64 | 2.2.2 | 194.00 | NOTE | |||
r-release-windows-x86_64 | 2.2.2 | 59.00 | 646.00 | 705.00 | NOTE | |
r-oldrel-macos-arm64 | 2.2.2 | 100.00 | NOTE | |||
r-oldrel-windows-x86_64 | 2.2.2 | 66.00 | 519.00 | 585.00 | NOTE |
Version: 2.2.2
Check: installed package size
Result: NOTE
installed size is 5.2Mb
sub-directories of 1Mb or more:
doc 3.0Mb
help 1.3Mb
Flavors: r-devel-linux-x86_64-fedora-clang, r-prerel-macos-arm64, r-prerel-macos-x86_64, r-prerel-windows-x86_64, r-release-macos-arm64, r-release-macos-x86_64, r-release-windows-x86_64, r-oldrel-macos-arm64, r-oldrel-windows-x86_64
Version: 2.2.1
Check: Rd files
Result: NOTE
checkRd: (-1) icevision_IAAAffine.Rd:50: Lost braces; missing escapes or markup?
50 | via affine transformations. Note: This class introduce interpolation artifacts to mask if it has values other than {0;1}
| ^
checkRd: (-1) icevision_IAAPerspective.Rd:30: Lost braces; missing escapes or markup?
30 | Note: This class introduce interpolation artifacts to mask if it has values other than {0;1}
| ^
checkRd: (-1) icevision_IAAPiecewiseAffine.Rd:42: Lost braces; missing escapes or markup?
42 | via affine transformations. Note: This class introduce interpolation artifacts to mask if it has values other than {0;1}
| ^
Flavor: r-patched-linux-x86_64