Last updated on 2024-03-12 07:49:53 CET.
Flavor | Version | Tinstall | Tcheck | Ttotal | Status | Flags |
---|---|---|---|---|---|---|
r-devel-linux-x86_64-debian-clang | 0.0.3 | 138.37 | 68.68 | 207.05 | NOTE | |
r-devel-linux-x86_64-debian-gcc | 0.0.3 | 132.27 | 57.69 | 189.96 | NOTE | |
r-devel-linux-x86_64-fedora-clang | 0.0.3 | 271.50 | NOTE | |||
r-devel-linux-x86_64-fedora-gcc | 0.0.3 | 338.55 | NOTE | |||
r-devel-windows-x86_64 | 0.0.3 | 112.00 | 106.00 | 218.00 | NOTE | |
r-patched-linux-x86_64 | 0.0.3 | 158.06 | 73.51 | 231.57 | NOTE | |
r-release-linux-x86_64 | 0.0.3 | 147.48 | 71.76 | 219.24 | NOTE | |
r-release-macos-arm64 | 0.0.3 | 103.00 | NOTE | |||
r-release-macos-x86_64 | 0.0.3 | 151.00 | NOTE | |||
r-release-windows-x86_64 | 0.0.3 | 135.00 | 112.00 | 247.00 | NOTE | |
r-oldrel-macos-arm64 | 0.0.3 | 91.00 | NOTE | |||
r-oldrel-windows-x86_64 | 0.0.3 | 136.00 | 118.00 | 254.00 | OK |
Version: 0.0.3
Check: C++ specification
Result: NOTE
Specified C++11: please drop specification unless essential
Flavors: r-devel-linux-x86_64-debian-clang, r-devel-linux-x86_64-debian-gcc, r-devel-linux-x86_64-fedora-clang, r-devel-linux-x86_64-fedora-gcc, r-devel-windows-x86_64, r-patched-linux-x86_64, r-release-linux-x86_64, r-release-macos-arm64, r-release-macos-x86_64, r-release-windows-x86_64
Version: 0.0.3
Check: installed package size
Result: NOTE
installed size is 47.4Mb
sub-directories of 1Mb or more:
libs 47.2Mb
Flavors: r-release-macos-arm64, r-release-macos-x86_64, r-oldrel-macos-arm64