CRAN Package Check Results for Package fdaPDE

Last updated on 2021-07-25 08:50:55 CEST.

Flavor Version Tinstall Tcheck Ttotal Status Flags
r-devel-linux-x86_64-debian-clang 1.0-9 239.20 102.18 341.38 OK
r-devel-linux-x86_64-debian-gcc 1.0-9 219.08 91.83 310.91 OK
r-devel-linux-x86_64-fedora-clang 1.0-9 467.93 NOTE
r-devel-linux-x86_64-fedora-gcc 1.0-9 514.22 OK
r-devel-windows-x86_64 1.0-9 206.00 113.00 319.00 OK
r-devel-windows-x86_64-gcc10-UCRT 1.0-9 OK
r-patched-linux-x86_64 1.0-9 251.89 122.43 374.32 OK
r-patched-solaris-x86 1.0-9 498.30 OK
r-release-linux-x86_64 1.0-9 242.03 115.37 357.40 OK
r-release-macos-arm64 1.0-9 NOTE
r-release-macos-x86_64 1.0-9 NOTE
r-release-windows-ix86+x86_64 1.0-9 506.00 150.00 656.00 OK
r-oldrel-macos-x86_64 1.0-9 NOTE
r-oldrel-windows-ix86+x86_64 1.0-9 516.00 205.00 721.00 OK

Check Details

Version: 1.0-9
Check: installed package size
Result: NOTE
     installed size is 69.2Mb
     sub-directories of 1Mb or more:
     libs 68.8Mb
Flavors: r-devel-linux-x86_64-fedora-clang, r-release-macos-arm64, r-release-macos-x86_64, r-oldrel-macos-x86_64