CRAN Package Check Results for Package fdaPDE

Last updated on 2024-05-24 08:55:31 CEST.

Flavor Version Tinstall Tcheck Ttotal Status Flags
r-devel-linux-x86_64-debian-clang 1.1-17 1488.19 214.01 1702.20 WARN
r-devel-linux-x86_64-debian-gcc 1.1-17 1248.18 227.05 1475.23 NOTE
r-devel-linux-x86_64-fedora-clang 1.1-17 2079.54 WARN
r-devel-linux-x86_64-fedora-gcc 1.1-17 2996.95 NOTE
r-devel-windows-x86_64 1.1-17 1048.00 279.00 1327.00 NOTE
r-patched-linux-x86_64 1.1-17 1553.65 300.93 1854.58 NOTE
r-release-linux-x86_64 1.1-17 1660.16 303.05 1963.21 NOTE
r-release-macos-arm64 1.1-17 487.00 NOTE
r-release-windows-x86_64 1.1-17 1049.00 274.00 1323.00 NOTE
r-oldrel-macos-arm64 1.1-17 617.00 NOTE
r-oldrel-macos-x86_64 1.1-17 647.00 NOTE
r-oldrel-windows-x86_64 1.1-17 1449.00 334.00 1783.00 NOTE

Additional issues

M1mac M1mac

Check Details

Version: 1.1-17
Check: whether package can be installed
Result: WARN Found the following significant warnings: Inference/Source/../Include/../../Regression/Include/Mixed_FE_Regression_imp.h:733:2: warning: switch condition has boolean value [-Wswitch-bool] Lambda_Optimization/Source/../Include/../../Regression/Include/Mixed_FE_Regression_imp.h:733:2: warning: switch condition has boolean value [-Wswitch-bool] Regression/Source/../../Skeletons/Include/../../Lambda_Optimization/Include/../../Regression/Include/Mixed_FE_Regression_imp.h:733:2: warning: switch condition has boolean value [-Wswitch-bool] See ‘/home/hornik/tmp/R.check/r-devel-clang/Work/PKGS/fdaPDE.Rcheck/00install.out’ for details. * used C compiler: ‘Debian clang version 18.1.6 (1)’ * used C++ compiler: ‘Debian clang version 18.1.6 (1)’ Flavor: r-devel-linux-x86_64-debian-clang

Version: 1.1-17
Check: for GNU extensions in Makefiles
Result: NOTE GNU make is a SystemRequirements. Flavors: r-devel-linux-x86_64-debian-clang, r-devel-linux-x86_64-debian-gcc, r-devel-linux-x86_64-fedora-clang, r-devel-linux-x86_64-fedora-gcc, r-devel-windows-x86_64, r-patched-linux-x86_64, r-release-linux-x86_64, r-release-macos-arm64, r-release-windows-x86_64, r-oldrel-macos-arm64, r-oldrel-macos-x86_64, r-oldrel-windows-x86_64

Version: 1.1-17
Check: whether package can be installed
Result: WARN Found the following significant warnings: Inference/Source/../Include/../../Regression/Include/Mixed_FE_Regression_imp.h:733:2: warning: switch condition has boolean value [-Wswitch-bool] Lambda_Optimization/Source/../Include/../../Regression/Include/Mixed_FE_Regression_imp.h:733:2: warning: switch condition has boolean value [-Wswitch-bool] Regression/Source/../../Skeletons/Include/../../Lambda_Optimization/Include/../../Regression/Include/Mixed_FE_Regression_imp.h:733:2: warning: switch condition has boolean value [-Wswitch-bool] See ‘/data/gannet/ripley/R/packages/tests-clang/fdaPDE.Rcheck/00install.out’ for details. * used C compiler: ‘clang version 18.1.5’ * used C++ compiler: ‘clang version 18.1.5’ Flavor: r-devel-linux-x86_64-fedora-clang

Version: 1.1-17
Check: installed package size
Result: NOTE installed size is 14.5Mb sub-directories of 1Mb or more: libs 13.3Mb Flavors: r-devel-linux-x86_64-fedora-clang, r-devel-windows-x86_64, r-release-macos-arm64, r-release-windows-x86_64, r-oldrel-macos-arm64, r-oldrel-macos-x86_64, r-oldrel-windows-x86_64