Last updated on 2024-04-18 08:54:29 CEST.
Flavor | Version | Tinstall | Tcheck | Ttotal | Status | Flags |
---|---|---|---|---|---|---|
r-devel-linux-x86_64-debian-clang | 0.5.9 | 381.50 | 229.92 | 611.42 | NOTE | |
r-devel-linux-x86_64-debian-gcc | 0.5.9 | 298.82 | 180.96 | 479.78 | NOTE | |
r-devel-linux-x86_64-fedora-clang | 0.5.9 | 784.10 | NOTE | |||
r-devel-linux-x86_64-fedora-gcc | 0.5.9 | 856.08 | NOTE | |||
r-prerel-macos-arm64 | 0.5.9 | 181.00 | NOTE | |||
r-prerel-windows-x86_64 | 0.5.9 | 240.00 | 197.00 | 437.00 | NOTE | |
r-patched-linux-x86_64 | 0.5.9 | 302.08 | 235.62 | 537.70 | NOTE | |
r-release-linux-x86_64 | 0.5.9 | 261.15 | 241.70 | 502.85 | OK | |
r-release-macos-arm64 | 0.5.9 | 192.00 | NOTE | |||
r-release-macos-x86_64 | 0.5.9 | 332.00 | NOTE | |||
r-release-windows-x86_64 | 0.5.9 | 325.00 | 256.00 | 581.00 | OK | |
r-oldrel-macos-arm64 | 0.5.9 | 138.00 | NOTE | |||
r-oldrel-windows-x86_64 | 0.5.9 | 301.00 | 243.00 | 544.00 | OK |
Version: 0.5.9
Check: Rd files
Result: NOTE
checkRd: (-1) MakeGPFunctionalData.Rd:33: Lost braces; missing escapes or markup?
33 | Y: X(t_{j}), Yn: noisy observations
| ^
checkRd: (-1) NormCurvToArea.Rd:20: Lost braces
20 | Normalise a curve such that \\int{yNew}dx = area (according to trapezoid integration)
| ^
checkRd: (-1) NormCurvToArea.Rd:17: Lost braces
17 | yNew values of curve at times x such that [\\int{yNew}dx = area]
| ^
Flavors: r-devel-linux-x86_64-debian-clang, r-devel-linux-x86_64-debian-gcc, r-devel-linux-x86_64-fedora-clang, r-devel-linux-x86_64-fedora-gcc, r-prerel-macos-arm64, r-prerel-windows-x86_64, r-patched-linux-x86_64
Version: 0.5.9
Check: installed package size
Result: NOTE
installed size is 40.2Mb
sub-directories of 1Mb or more:
libs 38.5Mb
Flavors: r-prerel-macos-arm64, r-release-macos-arm64, r-release-macos-x86_64, r-oldrel-macos-arm64