Last updated on 2024-08-31 08:48:11 CEST.
Flavor | Version | Tinstall | Tcheck | Ttotal | Status | Flags |
---|---|---|---|---|---|---|
r-devel-linux-x86_64-debian-clang | 0.9.9 | 19.94 | 160.63 | 180.57 | OK | |
r-devel-linux-x86_64-debian-gcc | 0.9.9 | 12.08 | 107.76 | 119.84 | OK | |
r-devel-linux-x86_64-fedora-clang | 0.9.9 | 285.45 | NOTE | |||
r-devel-linux-x86_64-fedora-gcc | 0.9.9 | 279.02 | NOTE | |||
r-devel-windows-x86_64 | 0.9.9 | 20.00 | 210.00 | 230.00 | OK | |
r-patched-linux-x86_64 | 0.9.9 | 18.67 | 152.29 | 170.96 | OK | |
r-release-linux-x86_64 | 0.9.9 | 16.64 | 150.10 | 166.74 | OK | |
r-release-macos-arm64 | 0.9.9 | 73.00 | OK | |||
r-release-macos-x86_64 | 0.9.9 | 118.00 | OK | |||
r-release-windows-x86_64 | 0.9.9 | 23.00 | 219.00 | 242.00 | OK | |
r-oldrel-macos-arm64 | 0.9.9 | 79.00 | OK | |||
r-oldrel-macos-x86_64 | 0.9.9 | 156.00 | OK | |||
r-oldrel-windows-x86_64 | 0.9.9 | 28.00 | 254.00 | 282.00 | OK |
Version: 0.9.9
Check: data for non-ASCII characters
Result: NOTE
Note: found 3 marked Latin-1 strings
Note: found 3 marked UTF-8 strings
Flavors: r-devel-linux-x86_64-fedora-clang, r-devel-linux-x86_64-fedora-gcc