Last updated on 2024-04-18 08:54:29 CEST.
Flavor | Version | Tinstall | Tcheck | Ttotal | Status | Flags |
---|---|---|---|---|---|---|
r-devel-linux-x86_64-debian-clang | 0.3.2 | 14.96 | 180.99 | 195.95 | NOTE | |
r-devel-linux-x86_64-debian-gcc | 0.3.2 | 9.51 | 129.40 | 138.91 | OK | |
r-devel-linux-x86_64-fedora-clang | 0.3.2 | 234.07 | OK | |||
r-devel-linux-x86_64-fedora-gcc | 0.3.2 | 241.20 | OK | |||
r-prerel-macos-arm64 | 0.3.2 | 56.00 | OK | |||
r-prerel-macos-x86_64 | 0.3.2 | 189.00 | OK | |||
r-prerel-windows-x86_64 | 0.3.2 | 12.00 | 137.00 | 149.00 | OK | |
r-patched-linux-x86_64 | 0.3.2 | 10.93 | 170.27 | 181.20 | OK | |
r-release-linux-x86_64 | 0.3.2 | 7.44 | 169.43 | 176.87 | OK | |
r-release-macos-arm64 | 0.3.2 | 68.00 | OK | |||
r-release-macos-x86_64 | 0.3.2 | 167.00 | OK | |||
r-release-windows-x86_64 | 0.3.2 | 17.00 | 173.00 | 190.00 | OK | |
r-oldrel-macos-arm64 | 0.3.2 | 63.00 | OK | |||
r-oldrel-windows-x86_64 | 0.3.2 | 17.00 | 178.00 | 195.00 | OK |
Version: 0.3.2
Check: dependencies in R code
Result: NOTE
Fortran STOP
IEEE arithmetic exceptions signaled: INEXACT
Flavor: r-devel-linux-x86_64-debian-clang