CRAN Package Check Results for Package feasts

Last updated on 2021-04-17 08:47:31 CEST.

Flavor Version Tinstall Tcheck Ttotal Status Flags
r-devel-linux-x86_64-debian-clang 0.2.1 11.52 127.94 139.46 ERROR
r-devel-linux-x86_64-debian-gcc 0.2.1 8.77 92.65 101.42 ERROR
r-devel-linux-x86_64-fedora-clang 0.2.1 176.75 ERROR
r-devel-linux-x86_64-fedora-gcc 0.2.1 163.94 ERROR
r-devel-windows-ix86+x86_64 0.2.1 24.00 166.00 190.00 NOTE
r-devel-windows-x86_64-gcc10-UCRT 0.2.1 ERROR
r-patched-linux-x86_64 0.2.1 10.30 131.66 141.96 OK
r-patched-solaris-x86 0.2.1 225.00 NOTE
r-release-linux-x86_64 0.2.1 11.15 131.63 142.78 OK
r-release-macos-x86_64 0.2.1 NOTE
r-release-windows-ix86+x86_64 0.2.1 23.00 172.00 195.00 OK
r-oldrel-macos-x86_64 0.2.1 NOTE
r-oldrel-windows-ix86+x86_64 0.2.1 14.00 148.00 162.00 OK

Additional issues

M1mac

Check Details

Version: 0.2.1
Check: LazyData
Result: NOTE
     'LazyData' is specified without a 'data' directory
Flavors: r-devel-linux-x86_64-debian-clang, r-devel-linux-x86_64-debian-gcc, r-devel-linux-x86_64-fedora-clang, r-devel-linux-x86_64-fedora-gcc, r-devel-windows-ix86+x86_64, r-devel-windows-x86_64-gcc10-UCRT

Version: 0.2.1
Check: tests
Result: ERROR
     Running 'testthat.R' [19s/22s]
    Running the tests in 'tests/testthat.R' failed.
    Complete output:
     > library(testthat)
     > library(feasts)
     Loading required package: fabletools
     >
     > test_check("feasts")
     == Failed tests ================================================================
     -- Error (test-graphics.R:253:3): gg_arma() plots ------------------------------
     Error: Can't subset columns that don't exist.
     x Column `ar_roots` doesn't exist.
     Backtrace:
     x
     1. +-feasts::gg_arma(mdl) test-graphics.R:253:2
     2. | \-`%>%`(...)
     3. +-dplyr::mutate(...)
     4. +-dplyr::filter(., !is.na(!!sym("root")))
     5. +-feasts:::unnest_tbl(., "root")
     6. | \-base::NROW(.data)
     7. +-tidyr::gather(., "type", "root", !!sym("ar_roots"), !!sym("ma_roots"))
     8. \-tidyr:::gather.data.frame(...)
     9. +-base::unname(tidyselect::vars_select(tbl_vars(data), !!!quos))
     10. \-tidyselect::vars_select(tbl_vars(data), !!!quos)
     11. \-tidyselect:::eval_select_impl(...)
     12. +-tidyselect:::with_subscript_errors(...)
     13. | +-base::tryCatch(...)
     14. | | \-base:::tryCatchList(expr, classes, parentenv, handlers)
     15. | | \-base:::tryCatchOne(expr, names, parentenv, handlers[[1L]])
     16. | | \-base:::doTryCatch(return(expr), name, parentenv, handler)
     17. | \-tidyselect:::instrument_base_errors(expr)
     18. | \-base::withCallingHandlers(...)
     19. \-tidyselect:::vars_select_eval(...)
     20. \-tidyselect:::walk_data_tree(expr, data_mask, context_mask)
     21. \-tidyselect:::eval_c(expr, data_mask, context_mask)
     22. \-tidyselect:::reduce_sels(node, data_mask, context_mask, init = init)
     23. \-tidyselect:::walk_data_tree(new, data_mask, context_mask)
     24. \-tidyselect:::as_indices_sel_impl(...)
     25. \-tidyselect:::as_indices_impl(x, vars, strict = strict)
     26. \-tidyselect:::chr_as_locations(x, vars)
     27. \-vctrs::vec_as_location(x, n = length(vars), names = vars)
     28. \-(function () ...
     29. \-vctrs:::stop_subscript_oob(...)
     30. \-vctrs:::stop_subscript(...)
    
     [ FAIL 1 | WARN 2 | SKIP 0 | PASS 105 ]
     Error: Test failures
     Execution halted
Flavor: r-devel-linux-x86_64-debian-clang

Version: 0.2.1
Check: tests
Result: ERROR
     Running ‘testthat.R’ [14s/22s]
    Running the tests in ‘tests/testthat.R’ failed.
    Complete output:
     > library(testthat)
     > library(feasts)
     Loading required package: fabletools
     >
     > test_check("feasts")
     ══ Failed tests ════════════════════════════════════════════════════════════════
     ── Error (test-graphics.R:253:3): gg_arma() plots ──────────────────────────────
     Error: Can't subset columns that don't exist.
     ✖ Column `ar_roots` doesn't exist.
     Backtrace:
     █
     1. ├─feasts::gg_arma(mdl) test-graphics.R:253:2
     2. │ └─`%>%`(...)
     3. ├─dplyr::mutate(...)
     4. ├─dplyr::filter(., !is.na(!!sym("root")))
     5. ├─feasts:::unnest_tbl(., "root")
     6. │ └─base::NROW(.data)
     7. ├─tidyr::gather(., "type", "root", !!sym("ar_roots"), !!sym("ma_roots"))
     8. └─tidyr:::gather.data.frame(...)
     9. ├─base::unname(tidyselect::vars_select(tbl_vars(data), !!!quos))
     10. └─tidyselect::vars_select(tbl_vars(data), !!!quos)
     11. └─tidyselect:::eval_select_impl(...)
     12. ├─tidyselect:::with_subscript_errors(...)
     13. │ ├─base::tryCatch(...)
     14. │ │ └─base:::tryCatchList(expr, classes, parentenv, handlers)
     15. │ │ └─base:::tryCatchOne(expr, names, parentenv, handlers[[1L]])
     16. │ │ └─base:::doTryCatch(return(expr), name, parentenv, handler)
     17. │ └─tidyselect:::instrument_base_errors(expr)
     18. │ └─base::withCallingHandlers(...)
     19. └─tidyselect:::vars_select_eval(...)
     20. └─tidyselect:::walk_data_tree(expr, data_mask, context_mask)
     21. └─tidyselect:::eval_c(expr, data_mask, context_mask)
     22. └─tidyselect:::reduce_sels(node, data_mask, context_mask, init = init)
     23. └─tidyselect:::walk_data_tree(new, data_mask, context_mask)
     24. └─tidyselect:::as_indices_sel_impl(...)
     25. └─tidyselect:::as_indices_impl(x, vars, strict = strict)
     26. └─tidyselect:::chr_as_locations(x, vars)
     27. └─vctrs::vec_as_location(x, n = length(vars), names = vars)
     28. └─(function () ...
     29. └─vctrs:::stop_subscript_oob(...)
     30. └─vctrs:::stop_subscript(...)
    
     [ FAIL 1 | WARN 2 | SKIP 0 | PASS 105 ]
     Error: Test failures
     Execution halted
Flavor: r-devel-linux-x86_64-debian-gcc

Version: 0.2.1
Check: dependencies in R code
Result: NOTE
    Namespace in Imports field not imported from: ‘scales’
     All declared Imports should be used.
Flavors: r-devel-linux-x86_64-fedora-clang, r-devel-linux-x86_64-fedora-gcc, r-devel-windows-x86_64-gcc10-UCRT, r-patched-solaris-x86, r-release-macos-x86_64, r-oldrel-macos-x86_64

Version: 0.2.1
Check: tests
Result: ERROR
     Running ‘testthat.R’ [22s/34s]
    Running the tests in ‘tests/testthat.R’ failed.
    Complete output:
     > library(testthat)
     > library(feasts)
     Loading required package: fabletools
     >
     > test_check("feasts")
     ══ Failed tests ════════════════════════════════════════════════════════════════
     ── Error (test-graphics.R:253:3): gg_arma() plots ──────────────────────────────
     Error: Can't subset columns that don't exist.
     ✖ Column `ar_roots` doesn't exist.
     Backtrace:
     █
     1. ├─feasts::gg_arma(mdl) test-graphics.R:253:2
     2. │ └─`%>%`(...)
     3. ├─dplyr::mutate(...)
     4. ├─dplyr::filter(., !is.na(!!sym("root")))
     5. ├─feasts:::unnest_tbl(., "root")
     6. │ └─base::NROW(.data)
     7. ├─tidyr::gather(., "type", "root", !!sym("ar_roots"), !!sym("ma_roots"))
     8. └─tidyr:::gather.data.frame(...)
     9. ├─base::unname(tidyselect::vars_select(tbl_vars(data), !!!quos))
     10. └─tidyselect::vars_select(tbl_vars(data), !!!quos)
     11. └─tidyselect:::eval_select_impl(...)
     12. ├─tidyselect:::with_subscript_errors(...)
     13. │ ├─base::tryCatch(...)
     14. │ │ └─base:::tryCatchList(expr, classes, parentenv, handlers)
     15. │ │ └─base:::tryCatchOne(expr, names, parentenv, handlers[[1L]])
     16. │ │ └─base:::doTryCatch(return(expr), name, parentenv, handler)
     17. │ └─tidyselect:::instrument_base_errors(expr)
     18. │ └─base::withCallingHandlers(...)
     19. └─tidyselect:::vars_select_eval(...)
     20. └─tidyselect:::walk_data_tree(expr, data_mask, context_mask)
     21. └─tidyselect:::eval_c(expr, data_mask, context_mask)
     22. └─tidyselect:::reduce_sels(node, data_mask, context_mask, init = init)
     23. └─tidyselect:::walk_data_tree(new, data_mask, context_mask)
     24. └─tidyselect:::as_indices_sel_impl(...)
     25. └─tidyselect:::as_indices_impl(x, vars, strict = strict)
     26. └─tidyselect:::chr_as_locations(x, vars)
     27. └─vctrs::vec_as_location(x, n = length(vars), names = vars)
     28. └─(function () ...
     29. └─vctrs:::stop_subscript_oob(...)
     30. └─vctrs:::stop_subscript(...)
    
     [ FAIL 1 | WARN 2 | SKIP 0 | PASS 105 ]
     Error: Test failures
     Execution halted
Flavor: r-devel-linux-x86_64-fedora-clang

Version: 0.2.1
Check: tests
Result: ERROR
     Running ‘testthat.R’ [23s/35s]
    Running the tests in ‘tests/testthat.R’ failed.
    Complete output:
     > library(testthat)
     > library(feasts)
     Loading required package: fabletools
     >
     > test_check("feasts")
     ══ Failed tests ════════════════════════════════════════════════════════════════
     ── Error (test-graphics.R:253:3): gg_arma() plots ──────────────────────────────
     Error: Can't subset columns that don't exist.
     ✖ Column `ar_roots` doesn't exist.
     Backtrace:
     █
     1. ├─feasts::gg_arma(mdl) test-graphics.R:253:2
     2. │ └─`%>%`(...)
     3. ├─dplyr::mutate(...)
     4. ├─dplyr::filter(., !is.na(!!sym("root")))
     5. ├─feasts:::unnest_tbl(., "root")
     6. │ └─base::NROW(.data)
     7. ├─tidyr::gather(., "type", "root", !!sym("ar_roots"), !!sym("ma_roots"))
     8. └─tidyr:::gather.data.frame(...)
     9. ├─base::unname(tidyselect::vars_select(tbl_vars(data), !!!quos))
     10. └─tidyselect::vars_select(tbl_vars(data), !!!quos)
     11. └─tidyselect:::eval_select_impl(...)
     12. ├─tidyselect:::with_subscript_errors(...)
     13. │ ├─base::tryCatch(...)
     14. │ │ └─base:::tryCatchList(expr, classes, parentenv, handlers)
     15. │ │ └─base:::tryCatchOne(expr, names, parentenv, handlers[[1L]])
     16. │ │ └─base:::doTryCatch(return(expr), name, parentenv, handler)
     17. │ └─tidyselect:::instrument_base_errors(expr)
     18. │ └─base::withCallingHandlers(...)
     19. └─tidyselect:::vars_select_eval(...)
     20. └─tidyselect:::walk_data_tree(expr, data_mask, context_mask)
     21. └─tidyselect:::eval_c(expr, data_mask, context_mask)
     22. └─tidyselect:::reduce_sels(node, data_mask, context_mask, init = init)
     23. └─tidyselect:::walk_data_tree(new, data_mask, context_mask)
     24. └─tidyselect:::as_indices_sel_impl(...)
     25. └─tidyselect:::as_indices_impl(x, vars, strict = strict)
     26. └─tidyselect:::chr_as_locations(x, vars)
     27. └─vctrs::vec_as_location(x, n = length(vars), names = vars)
     28. └─(function () ...
     29. └─vctrs:::stop_subscript_oob(...)
     30. └─vctrs:::stop_subscript(...)
    
     [ FAIL 1 | WARN 2 | SKIP 0 | PASS 105 ]
     Error: Test failures
     Execution halted
Flavor: r-devel-linux-x86_64-fedora-gcc

Version: 0.2.1
Check: tests
Result: ERROR
     Running 'testthat.R'
    Running the tests in 'tests/testthat.R' failed.
    Last 13 lines of output:
     20. \-tidyselect:::walk_data_tree(expr, data_mask, context_mask)
     21. \-tidyselect:::eval_c(expr, data_mask, context_mask)
     22. \-tidyselect:::reduce_sels(node, data_mask, context_mask, init = init)
     23. \-tidyselect:::walk_data_tree(new, data_mask, context_mask)
     24. \-tidyselect:::as_indices_sel_impl(...)
     25. \-tidyselect:::as_indices_impl(x, vars, strict = strict)
     26. \-tidyselect:::chr_as_locations(x, vars)
     27. \-vctrs::vec_as_location(x, n = length(vars), names = vars)
     28. \-(function () ...
     29. \-vctrs:::stop_subscript_oob(...)
     30. \-vctrs:::stop_subscript(...)
    
     [ FAIL 1 | WARN 2 | SKIP 0 | PASS 105 ]
     Error: Test failures
     Execution halted
Flavor: r-devel-windows-x86_64-gcc10-UCRT

Version: 0.2.1
Check: package dependencies
Result: NOTE
    Package suggested but not available for checking: ‘seasonal’
Flavor: r-patched-solaris-x86