Last updated on 2024-04-24 07:57:39 CEST.
Flavor | Version | Tinstall | Tcheck | Ttotal | Status | Flags |
---|---|---|---|---|---|---|
r-devel-linux-x86_64-debian-clang | 0.1.4 | 8.02 | 60.66 | 68.68 | OK | |
r-devel-linux-x86_64-debian-gcc | 0.1.4 | 5.56 | 46.56 | 52.12 | OK | |
r-devel-linux-x86_64-fedora-clang | 0.1.4 | 85.95 | NOTE | |||
r-devel-linux-x86_64-fedora-gcc | 0.1.4 | 95.01 | NOTE | |||
r-prerel-macos-arm64 | 0.1.4 | 36.00 | OK | |||
r-prerel-windows-x86_64 | 0.1.4 | 9.00 | 68.00 | 77.00 | OK | |
r-patched-linux-x86_64 | 0.1.4 | 7.12 | 58.25 | 65.37 | OK | |
r-release-linux-x86_64 | 0.1.4 | 6.48 | 59.44 | 65.92 | OK | |
r-release-macos-arm64 | 0.1.4 | 37.00 | OK | |||
r-release-macos-x86_64 | 0.1.4 | 66.00 | OK | |||
r-release-windows-x86_64 | 0.1.4 | 12.00 | 77.00 | 89.00 | OK | |
r-oldrel-macos-arm64 | 0.1.4 | 33.00 | OK | |||
r-oldrel-windows-x86_64 | 0.1.4 | 12.00 | 79.00 | 91.00 | OK |
Version: 0.1.4
Check: data for non-ASCII characters
Result: NOTE
Note: found 20 marked UTF-8 strings
Flavors: r-devel-linux-x86_64-fedora-clang, r-devel-linux-x86_64-fedora-gcc