Last updated on 2025-04-30 09:54:16 CEST.
Flavor | Version | Tinstall | Tcheck | Ttotal | Status | Flags |
---|---|---|---|---|---|---|
r-devel-linux-x86_64-debian-clang | 1.1.11 | 7.48 | 90.50 | 97.98 | NOTE | |
r-devel-linux-x86_64-debian-gcc | 1.1.11 | 4.30 | 62.27 | 66.57 | OK | |
r-devel-linux-x86_64-fedora-clang | 1.1.11 | 141.20 | OK | |||
r-devel-linux-x86_64-fedora-gcc | 1.1.11 | 133.75 | OK | |||
r-devel-windows-x86_64 | 1.1.11 | 9.00 | 101.00 | 110.00 | OK | |
r-patched-linux-x86_64 | 1.1.11 | 6.35 | 84.59 | 90.94 | OK | |
r-release-linux-x86_64 | 1.1.11 | 6.20 | 83.92 | 90.12 | OK | |
r-release-macos-arm64 | 1.1.11 | 42.00 | OK | |||
r-release-macos-x86_64 | 1.1.11 | 79.00 | OK | |||
r-release-windows-x86_64 | 1.1.11 | 7.00 | 105.00 | 112.00 | OK | |
r-oldrel-macos-arm64 | 1.1.11 | 42.00 | OK | |||
r-oldrel-macos-x86_64 | 1.1.11 | 57.00 | OK | |||
r-oldrel-windows-x86_64 | 1.1.11 | 9.00 | 124.00 | 133.00 | OK |
Version: 1.1.11
Check: examples
Result: NOTE
Examples with CPU (user + system) or elapsed time > 5s
user system elapsed
plot_tag_status_by_subquadrat 5.631 0.051 7.917
plot_dbh_bubbles_by_quadrat 4.981 0.060 6.546
Flavor: r-devel-linux-x86_64-debian-clang