Last updated on 2023-12-09 07:49:31 CET.
Flavor | Version | Tinstall | Tcheck | Ttotal | Status | Flags |
---|---|---|---|---|---|---|
r-devel-linux-x86_64-debian-clang | 0.2.3 | 71.37 | 143.17 | 214.54 | NOTE | |
r-devel-linux-x86_64-debian-gcc | 0.2.3 | 54.25 | 109.77 | 164.02 | NOTE | |
r-devel-linux-x86_64-fedora-clang | 0.2.3 | 294.35 | NOTE | |||
r-devel-linux-x86_64-fedora-gcc | 0.2.3 | 285.93 | NOTE | |||
r-devel-windows-x86_64 | 0.2.3 | 60.00 | 135.00 | 195.00 | NOTE | |
r-patched-linux-x86_64 | 0.2.3 | 70.04 | 142.39 | 212.43 | NOTE | |
r-release-linux-x86_64 | 0.2.3 | 63.67 | 140.90 | 204.57 | NOTE | |
r-release-macos-arm64 | 0.2.3 | 76.00 | NOTE | |||
r-release-macos-x86_64 | 0.2.3 | 138.00 | NOTE | |||
r-release-windows-x86_64 | 0.2.3 | 75.00 | 167.00 | 242.00 | NOTE | |
r-oldrel-macos-arm64 | 0.2.3 | 73.00 | OK | |||
r-oldrel-macos-x86_64 | 0.2.3 | 98.00 | OK | |||
r-oldrel-windows-x86_64 | 0.2.3 | 72.00 | 156.00 | 228.00 | OK |
Version: 0.2.3
Check: C++ specification
Result: NOTE
Specified C++11: please drop specification unless essential
Flavors: r-devel-linux-x86_64-debian-clang, r-devel-linux-x86_64-debian-gcc, r-devel-linux-x86_64-fedora-clang, r-devel-linux-x86_64-fedora-gcc, r-devel-windows-x86_64, r-patched-linux-x86_64, r-release-linux-x86_64, r-release-macos-arm64, r-release-macos-x86_64, r-release-windows-x86_64