Last updated on 2023-01-28 08:00:33 CET.
Flavor | Version | Tinstall | Tcheck | Ttotal | Status | Flags |
---|---|---|---|---|---|---|
r-devel-linux-x86_64-debian-clang | 0.2.3 | 82.24 | 141.61 | 223.85 | OK | |
r-devel-linux-x86_64-debian-gcc | 0.2.3 | 57.86 | 108.33 | 166.19 | NOTE | |
r-devel-linux-x86_64-fedora-clang | 0.2.3 | 305.14 | OK | |||
r-devel-linux-x86_64-fedora-gcc | 0.2.3 | 294.13 | NOTE | |||
r-devel-windows-x86_64 | 0.2.3 | 67.00 | 178.00 | 245.00 | OK | |
r-patched-linux-x86_64 | 0.2.3 | 54.92 | 140.47 | 195.39 | OK | |
r-release-linux-x86_64 | 0.2.3 | 58.77 | 139.13 | 197.90 | OK | |
r-release-macos-arm64 | 0.2.3 | 66.00 | OK | |||
r-release-macos-x86_64 | 0.2.3 | 98.00 | OK | |||
r-release-windows-x86_64 | 0.2.3 | 68.00 | 192.00 | 260.00 | OK | |
r-oldrel-macos-arm64 | 0.2.3 | 70.00 | OK | |||
r-oldrel-macos-x86_64 | 0.2.3 | 99.00 | OK | |||
r-oldrel-windows-ix86+x86_64 | 0.2.3 | 180.00 | 230.00 | 410.00 | OK |
Version: 0.2.3
Check: C++ specification
Result: NOTE
Specified C++11: please update to current default of C++17
Flavors: r-devel-linux-x86_64-debian-gcc, r-devel-linux-x86_64-fedora-gcc