Last updated on 2024-03-12 07:49:53 CET.
Flavor | Version | Tinstall | Tcheck | Ttotal | Status | Flags |
---|---|---|---|---|---|---|
r-devel-linux-x86_64-debian-clang | 0.9.4 | 6.70 | 77.76 | 84.46 | OK | |
r-devel-linux-x86_64-debian-gcc | 0.9.4 | 6.01 | 60.76 | 66.77 | OK | |
r-devel-linux-x86_64-fedora-clang | 0.9.4 | 109.32 | NOTE | |||
r-devel-linux-x86_64-fedora-gcc | 0.9.4 | 118.93 | OK | |||
r-devel-windows-x86_64 | 0.9.4 | 9.00 | 87.00 | 96.00 | OK | |
r-patched-linux-x86_64 | 0.9.4 | 9.80 | 76.68 | 86.48 | OK | |
r-release-linux-x86_64 | 0.9.4 | 7.21 | 76.36 | 83.57 | OK | |
r-release-macos-arm64 | 0.9.4 | 52.00 | OK | |||
r-release-macos-x86_64 | 0.9.4 | 99.00 | OK | |||
r-release-windows-x86_64 | 0.9.4 | 10.00 | 91.00 | 101.00 | OK | |
r-oldrel-macos-arm64 | 0.9.4 | 44.00 | OK | |||
r-oldrel-windows-x86_64 | 0.9.4 | 10.00 | 96.00 | 106.00 | OK |
Version: 0.9.4
Check: Rd cross-references
Result: NOTE
Undeclared package ‘lubridate’ in Rd xrefs
Flavor: r-devel-linux-x86_64-fedora-clang