Last updated on 2024-04-19 08:54:39 CEST.
Flavor | Version | Tinstall | Tcheck | Ttotal | Status | Flags |
---|---|---|---|---|---|---|
r-devel-linux-x86_64-debian-clang | 1.3.0 | 10.75 | 96.20 | 106.95 | OK | |
r-devel-linux-x86_64-debian-gcc | 1.3.0 | OK | ||||
r-devel-linux-x86_64-fedora-clang | 1.3.0 | 130.85 | OK | |||
r-devel-linux-x86_64-fedora-gcc | 1.3.0 | 139.76 | OK | |||
r-prerel-macos-arm64 | 1.3.0 | 66.00 | ERROR | |||
r-prerel-windows-x86_64 | 1.3.0 | 11.00 | 112.00 | 123.00 | OK | |
r-patched-linux-x86_64 | 1.3.0 | 10.33 | 91.57 | 101.90 | OK | |
r-release-linux-x86_64 | 1.3.0 | 6.60 | 90.50 | 97.10 | OK | |
r-release-macos-arm64 | 1.3.0 | 62.00 | OK | |||
r-release-macos-x86_64 | 1.3.0 | 79.00 | OK | |||
r-release-windows-x86_64 | 1.3.0 | 12.00 | 116.00 | 128.00 | OK | |
r-oldrel-macos-arm64 | 1.3.0 | 44.00 | OK | |||
r-oldrel-windows-x86_64 | 1.3.0 | 14.00 | 113.00 | 127.00 | OK |
Version: 1.3.0
Check: tests
Result: ERROR
Running ‘spelling.R’ [0s/0s]
Running ‘testthat.R’ [2s/18s]
Running the tests in ‘tests/testthat.R’ failed.
Last 13 lines of output:
"rb")`: Timeout was reached: [afltables.com] Resolving timed out after 10008 milliseconds
Backtrace:
▆
1. ├─fitzRoy::fetch_results_afltables(current_year) at test-fetch-player-stats.R:3:1
2. │ └─readr::read_fwf(url_text, skip = 2, col_positions = cols, col_types = c("dcccccccc"))
3. │ └─vroom::vroom_fwf(...)
4. │ └─vroom:::vroom_fwf_(...)
5. ├─base (local) `<fn>`(`<curl>`, "rb")
6. └─base::open.connection(`<curl>`, "rb")
[ FAIL 1 | WARN 0 | SKIP 67 | PASS 62 ]
Deleting unused snapshots:
• fetch-player-stats-legacy.md
Error: Test failures
Execution halted
Flavor: r-prerel-macos-arm64