Last updated on 2024-04-18 08:54:30 CEST.
Flavor | Version | Tinstall | Tcheck | Ttotal | Status | Flags |
---|---|---|---|---|---|---|
r-devel-linux-x86_64-debian-clang | 0.9 | 102.83 | 75.03 | 177.86 | OK | |
r-devel-linux-x86_64-debian-gcc | 0.9 | 82.39 | 54.09 | 136.48 | OK | |
r-devel-linux-x86_64-fedora-clang | 0.9 | 239.59 | OK | |||
r-devel-linux-x86_64-fedora-gcc | 0.9 | 249.64 | OK | |||
r-prerel-macos-arm64 | 0.9 | 53.00 | NOTE | |||
r-prerel-windows-x86_64 | 0.9 | 74.00 | 96.00 | 170.00 | OK | |
r-patched-linux-x86_64 | 0.9 | 98.20 | 70.17 | 168.37 | OK | |
r-release-linux-x86_64 | 0.9 | 89.81 | 71.67 | 161.48 | OK | |
r-release-macos-arm64 | 0.9 | 63.00 | NOTE | |||
r-release-macos-x86_64 | 0.9 | 110.00 | NOTE | |||
r-release-windows-x86_64 | 0.9 | 95.00 | 115.00 | 210.00 | OK | |
r-oldrel-macos-arm64 | 0.9 | 58.00 | NOTE | |||
r-oldrel-windows-x86_64 | 0.9 | 93.00 | 114.00 | 207.00 | OK |
Version: 0.9
Check: installed package size
Result: NOTE
installed size is 7.3Mb
sub-directories of 1Mb or more:
libs 7.0Mb
Flavors: r-prerel-macos-arm64, r-release-macos-arm64, r-release-macos-x86_64, r-oldrel-macos-arm64