CRAN Package Check Results for Package flightplot

Last updated on 2024-04-21 08:53:42 CEST.

Flavor Version Tinstall Tcheck Ttotal Status Flags
r-devel-linux-x86_64-debian-clang 0.1.0 5.45 51.00 56.45 OK
r-devel-linux-x86_64-debian-gcc 0.1.0 4.71 38.24 42.95 OK
r-devel-linux-x86_64-fedora-clang 0.1.0 71.67 NOTE
r-devel-linux-x86_64-fedora-gcc 0.1.0 68.39 NOTE
r-prerel-macos-arm64 0.1.0 25.00 OK
r-prerel-windows-x86_64 0.1.0 7.00 58.00 65.00 OK
r-patched-linux-x86_64 0.1.0 5.51 48.47 53.98 OK
r-release-linux-x86_64 0.1.0 4.57 47.60 52.17 OK
r-release-macos-arm64 0.1.0 26.00 OK
r-release-macos-x86_64 0.1.0 36.00 OK
r-release-windows-x86_64 0.1.0 9.00 62.00 71.00 OK
r-oldrel-macos-arm64 0.1.0 25.00 NOTE
r-oldrel-windows-x86_64 0.1.0 9.00 70.00 79.00 OK

Check Details

Version: 0.1.0
Check: data for non-ASCII characters
Result: NOTE Note: found 710 marked UTF-8 strings Flavors: r-devel-linux-x86_64-fedora-clang, r-devel-linux-x86_64-fedora-gcc, r-oldrel-macos-arm64