CRAN Package Check Results for Package flowfield

Last updated on 2021-10-20 08:49:23 CEST.

Flavor Version Tinstall Tcheck Ttotal Status Flags
r-devel-linux-x86_64-debian-clang 1.0 2.70 21.62 24.32 NOTE
r-devel-linux-x86_64-debian-gcc 1.0 1.64 17.46 19.10 NOTE
r-devel-linux-x86_64-fedora-clang 1.0 40.22 NOTE
r-devel-linux-x86_64-fedora-gcc 1.0 29.31 NOTE
r-devel-windows-x86_64 1.0 4.00 39.00 43.00 NOTE
r-devel-windows-x86_64-gcc10-UCRT 1.0 NOTE
r-patched-linux-x86_64 1.0 2.24 21.35 23.59 NOTE
r-patched-solaris-x86 1.0 45.40 NOTE
r-release-linux-x86_64 1.0 2.10 21.82 23.92 NOTE
r-release-macos-arm64 1.0 NOTE
r-release-macos-x86_64 1.0 NOTE
r-release-windows-ix86+x86_64 1.0 4.00 40.00 44.00 NOTE
r-oldrel-macos-x86_64 1.0 NOTE
r-oldrel-windows-ix86+x86_64 1.0 5.00 40.00 45.00 NOTE

Check Details

Version: 1.0
Check: DESCRIPTION meta-information
Result: NOTE
    Malformed Title field: should not end in a period.
Flavors: r-devel-linux-x86_64-debian-clang, r-devel-linux-x86_64-debian-gcc, r-devel-linux-x86_64-fedora-clang, r-devel-linux-x86_64-fedora-gcc, r-devel-windows-x86_64, r-devel-windows-x86_64-gcc10-UCRT, r-patched-linux-x86_64, r-patched-solaris-x86, r-release-linux-x86_64, r-release-macos-arm64, r-release-macos-x86_64, r-release-windows-ix86+x86_64, r-oldrel-macos-x86_64, r-oldrel-windows-ix86+x86_64

Version: 1.0
Check: dependencies in R code
Result: NOTE
    'library' or 'require' call to 'stats' in package code.
     Please use :: or requireNamespace() instead.
     See section 'Suggested packages' in the 'Writing R Extensions' manual.
Flavors: r-devel-linux-x86_64-debian-clang, r-devel-linux-x86_64-debian-gcc, r-devel-linux-x86_64-fedora-clang, r-devel-linux-x86_64-fedora-gcc, r-devel-windows-x86_64, r-devel-windows-x86_64-gcc10-UCRT, r-patched-linux-x86_64, r-patched-solaris-x86, r-release-linux-x86_64, r-release-macos-arm64, r-release-macos-x86_64, r-release-windows-ix86+x86_64, r-oldrel-macos-x86_64, r-oldrel-windows-ix86+x86_64

Version: 1.0
Check: R code for possible problems
Result: NOTE
    GCV: no visible global function definition for 'lm'
    GCV: no visible global function definition for 'resid'
    ffplot: no visible global function definition for 'par'
    ffplot: no visible global function definition for 'points'
    ffplot: no visible global function definition for 'legend'
    flowfield: no visible global function definition for 'write.table'
    gpr: no visible global function definition for 'quantile'
    gpr: no visible global function definition for 'var'
    smoothp: no visible global function definition for 'lm'
    smoothp: no visible global function definition for 'predict'
    smoothp: no visible global function definition for 'resid'
    smoothp: no visible global function definition for 'optimize'
    Undefined global functions or variables:
     legend lm optimize par points predict quantile resid var write.table
    Consider adding
     importFrom("graphics", "legend", "par", "points")
     importFrom("stats", "lm", "optimize", "predict", "quantile", "resid",
     "var")
     importFrom("utils", "write.table")
    to your NAMESPACE file.
Flavors: r-devel-linux-x86_64-debian-clang, r-devel-linux-x86_64-debian-gcc, r-devel-linux-x86_64-fedora-clang, r-devel-linux-x86_64-fedora-gcc, r-devel-windows-x86_64, r-devel-windows-x86_64-gcc10-UCRT, r-patched-linux-x86_64, r-patched-solaris-x86, r-release-linux-x86_64, r-release-macos-arm64, r-release-macos-x86_64, r-release-windows-ix86+x86_64, r-oldrel-macos-x86_64, r-oldrel-windows-ix86+x86_64