Last updated on 2024-04-19 08:54:39 CEST.
Flavor | Version | Tinstall | Tcheck | Ttotal | Status | Flags |
---|---|---|---|---|---|---|
r-devel-linux-x86_64-debian-clang | 0.3-0.1 | 6.00 | 58.15 | 64.15 | NOTE | |
r-devel-linux-x86_64-debian-gcc | 0.3-0.1 | NOTE | ||||
r-devel-linux-x86_64-fedora-clang | 0.3-0.1 | 78.82 | NOTE | |||
r-devel-linux-x86_64-fedora-gcc | 0.3-0.1 | 75.24 | NOTE | |||
r-prerel-macos-arm64 | 0.3-0.1 | 24.00 | OK | |||
r-prerel-windows-x86_64 | 0.3-0.1 | 7.00 | 64.00 | 71.00 | OK | |
r-patched-linux-x86_64 | 0.3-0.1 | 6.49 | 55.65 | 62.14 | NOTE | |
r-release-linux-x86_64 | 0.3-0.1 | 4.87 | 55.42 | 60.29 | NOTE | |
r-release-macos-arm64 | 0.3-0.1 | 25.00 | OK | |||
r-release-macos-x86_64 | 0.3-0.1 | 38.00 | OK | |||
r-release-windows-x86_64 | 0.3-0.1 | 8.00 | 71.00 | 79.00 | OK | |
r-oldrel-macos-arm64 | 0.3-0.1 | 26.00 | OK | |||
r-oldrel-windows-x86_64 | 0.3-0.1 | 8.00 | 71.00 | 79.00 | OK |
Version: 0.3-0.1
Check: for non-standard things in the check directory
Result: NOTE
Found the following files/directories:
‘flux.CH4.txt’
Flavors: r-devel-linux-x86_64-debian-clang, r-devel-linux-x86_64-debian-gcc, r-devel-linux-x86_64-fedora-clang, r-devel-linux-x86_64-fedora-gcc, r-patched-linux-x86_64, r-release-linux-x86_64
Version: 0.3-0.1
Check: Rd cross-references
Result: NOTE
Undeclared package ‘HMR’ in Rd xrefs
Flavor: r-devel-linux-x86_64-fedora-clang