Last updated on 2024-04-20 08:50:53 CEST.
Flavor | Version | Tinstall | Tcheck | Ttotal | Status | Flags |
---|---|---|---|---|---|---|
r-devel-linux-x86_64-debian-clang | 0.3.0 | 8.73 | 77.18 | 85.91 | NOTE | |
r-devel-linux-x86_64-debian-gcc | 0.3.0 | 6.11 | 57.09 | 63.20 | NOTE | |
r-devel-linux-x86_64-fedora-clang | 0.3.0 | 105.92 | NOTE | |||
r-devel-linux-x86_64-fedora-gcc | 0.3.0 | 112.91 | NOTE | |||
r-prerel-macos-arm64 | 0.3.0 | 38.00 | NOTE | |||
r-prerel-windows-x86_64 | 0.3.0 | 8.00 | 80.00 | 88.00 | NOTE | |
r-patched-linux-x86_64 | 0.3.0 | 12.47 | 73.63 | 86.10 | NOTE | |
r-release-linux-x86_64 | 0.3.0 | 9.13 | 72.55 | 81.68 | NOTE | |
r-release-macos-arm64 | 0.3.0 | 36.00 | NOTE | |||
r-release-macos-x86_64 | 0.3.0 | 59.00 | NOTE | |||
r-release-windows-x86_64 | 0.3.0 | 9.00 | 92.00 | 101.00 | NOTE | |
r-oldrel-macos-arm64 | 0.3.0 | 27.00 | NOTE | |||
r-oldrel-windows-x86_64 | 0.3.0 | 11.00 | 88.00 | 99.00 | NOTE |
Version: 0.3.0
Check: LazyData
Result: NOTE
'LazyData' is specified without a 'data' directory
Flavors: r-devel-linux-x86_64-debian-clang, r-devel-linux-x86_64-debian-gcc, r-devel-linux-x86_64-fedora-clang, r-devel-linux-x86_64-fedora-gcc, r-prerel-macos-arm64, r-prerel-windows-x86_64, r-patched-linux-x86_64, r-release-linux-x86_64, r-release-macos-arm64, r-release-macos-x86_64, r-release-windows-x86_64, r-oldrel-macos-arm64, r-oldrel-windows-x86_64