Last updated on 2024-04-17 08:57:31 CEST.
Flavor | Version | Tinstall | Tcheck | Ttotal | Status | Flags |
---|---|---|---|---|---|---|
r-devel-linux-x86_64-debian-clang | 0.1 | 4.83 | 51.13 | 55.96 | NOTE | |
r-devel-linux-x86_64-debian-gcc | 0.1 | 3.21 | 38.62 | 41.83 | NOTE | |
r-devel-linux-x86_64-fedora-clang | 0.1 | 69.33 | NOTE | |||
r-devel-linux-x86_64-fedora-gcc | 0.1 | 78.27 | NOTE | |||
r-prerel-macos-arm64 | 0.1 | 29.00 | NOTE | |||
r-prerel-windows-x86_64 | 0.1 | 6.00 | 58.00 | 64.00 | NOTE | |
r-patched-linux-x86_64 | 0.1 | 5.18 | 48.24 | 53.42 | NOTE | |
r-release-linux-x86_64 | 0.1 | 5.09 | 47.29 | 52.38 | NOTE | |
r-release-macos-arm64 | 0.1 | 30.00 | NOTE | |||
r-release-macos-x86_64 | 0.1 | 44.00 | NOTE | |||
r-release-windows-x86_64 | 0.1 | 6.00 | 61.00 | 67.00 | NOTE | |
r-oldrel-macos-arm64 | 0.1 | 24.00 | NOTE | |||
r-oldrel-windows-x86_64 | 0.1 | 6.00 | 70.00 | 76.00 | NOTE |
Version: 0.1
Check: LazyData
Result: NOTE
'LazyData' is specified without a 'data' directory
Flavors: r-devel-linux-x86_64-debian-clang, r-devel-linux-x86_64-debian-gcc, r-devel-linux-x86_64-fedora-clang, r-devel-linux-x86_64-fedora-gcc, r-prerel-macos-arm64, r-prerel-windows-x86_64, r-patched-linux-x86_64, r-release-linux-x86_64, r-release-macos-arm64, r-release-macos-x86_64, r-release-windows-x86_64, r-oldrel-macos-arm64, r-oldrel-windows-x86_64