Last updated on 2024-08-31 08:48:11 CEST.
Flavor | Version | Tinstall | Tcheck | Ttotal | Status | Flags |
---|---|---|---|---|---|---|
r-devel-linux-x86_64-debian-clang | 8.23.0 | 88.91 | 307.48 | 396.39 | OK | |
r-devel-linux-x86_64-debian-gcc | 8.23.0 | 58.46 | 192.76 | 251.22 | OK | |
r-devel-linux-x86_64-fedora-clang | 8.23.0 | 678.98 | OK | |||
r-devel-linux-x86_64-fedora-gcc | 8.23.0 | 684.00 | OK | |||
r-devel-windows-x86_64 | 8.23.0 | 96.00 | 350.00 | 446.00 | OK | |
r-patched-linux-x86_64 | 8.23.0 | 85.58 | 289.23 | 374.81 | OK | |
r-release-linux-x86_64 | 8.23.0 | 85.67 | 288.89 | 374.56 | OK | |
r-release-macos-arm64 | 8.23.0 | 160.00 | NOTE | |||
r-release-macos-x86_64 | 8.23.0 | 423.00 | NOTE | |||
r-release-windows-x86_64 | 8.23.0 | 103.00 | 374.00 | 477.00 | OK | |
r-oldrel-macos-arm64 | 8.23.0 | 165.00 | OK | |||
r-oldrel-macos-x86_64 | 8.23.0 | 347.00 | NOTE | |||
r-oldrel-windows-x86_64 | 8.23.0 | 119.00 | 429.00 | 548.00 | OK |
Version: 8.23.0
Check: installed package size
Result: NOTE
installed size is 5.0Mb
sub-directories of 1Mb or more:
libs 3.4Mb
Flavors: r-release-macos-arm64, r-release-macos-x86_64, r-oldrel-macos-x86_64