Last updated on 2024-03-12 07:49:53 CET.
Flavor | Version | Tinstall | Tcheck | Ttotal | Status | Flags |
---|---|---|---|---|---|---|
r-devel-linux-x86_64-debian-clang | 0.9.0 | 13.29 | 527.30 | 540.59 | OK | |
r-devel-linux-x86_64-debian-gcc | 0.9.0 | 10.38 | 434.82 | 445.20 | OK | |
r-devel-linux-x86_64-fedora-clang | 0.9.0 | 678.93 | NOTE | |||
r-devel-linux-x86_64-fedora-gcc | 0.9.0 | 682.04 | NOTE | |||
r-devel-windows-x86_64 | 0.9.0 | 14.00 | 320.00 | 334.00 | OK | |
r-patched-linux-x86_64 | 0.9.0 | 9.28 | 528.74 | 538.02 | OK | |
r-release-linux-x86_64 | 0.9.0 | 8.80 | 533.36 | 542.16 | OK | |
r-release-macos-arm64 | 0.9.0 | 221.00 | OK | |||
r-release-macos-x86_64 | 0.9.0 | 346.00 | OK | |||
r-release-windows-x86_64 | 0.9.0 | 16.00 | 405.00 | 421.00 | OK | |
r-oldrel-macos-arm64 | 0.9.0 | 205.00 | NOTE | |||
r-oldrel-windows-x86_64 | 0.9.0 | 15.00 | 407.00 | 422.00 | OK |
Version: 0.9.0
Check: dependencies in R code
Result: NOTE
Namespace in Imports field not imported from: ‘dtplyr’
All declared Imports should be used.
Flavors: r-devel-linux-x86_64-fedora-clang, r-devel-linux-x86_64-fedora-gcc, r-oldrel-macos-arm64