Last updated on 2024-03-12 07:49:53 CET.
Flavor | Version | Tinstall | Tcheck | Ttotal | Status | Flags |
---|---|---|---|---|---|---|
r-devel-linux-x86_64-debian-clang | 0.8-86 | 10.77 | 39.51 | 50.28 | OK | |
r-devel-linux-x86_64-debian-gcc | 0.8-86 | 7.61 | 30.71 | 38.32 | OK | |
r-devel-linux-x86_64-fedora-clang | 0.8-86 | 63.84 | OK | |||
r-devel-linux-x86_64-fedora-gcc | 0.8-86 | 63.22 | OK | |||
r-devel-windows-x86_64 | 0.8-86 | 18.00 | 58.00 | 76.00 | WARN | |
r-patched-linux-x86_64 | 0.8-86 | 10.14 | 38.26 | 48.40 | OK | |
r-release-linux-x86_64 | 0.8-86 | 9.14 | 37.88 | 47.02 | OK | |
r-release-macos-arm64 | 0.8-86 | 39.00 | OK | |||
r-release-macos-x86_64 | 0.8-86 | 61.00 | OK | |||
r-release-windows-x86_64 | 0.8-86 | 23.00 | 63.00 | 86.00 | OK | |
r-oldrel-macos-arm64 | 0.8-86 | 44.00 | OK | |||
r-oldrel-windows-x86_64 | 0.8-86 | 21.00 | 62.00 | 83.00 | OK |
Version: 0.8-86
Check: whether package can be installed
Result: WARN
Found the following significant warnings:
pfm-read.c:552:16: warning: format '%lu' expects argument of type 'long unsigned int', but argument 2 has type 'size_t' {aka 'long long unsigned int'} [-Wformat=]
pfm-read.c:579:16: warning: format '%lu' expects argument of type 'long unsigned int', but argument 2 has type 'size_t' {aka 'long long unsigned int'} [-Wformat=]
pfm-read.c:754:18: warning: format '%lu' expects argument of type 'long unsigned int', but argument 3 has type 'size_t' {aka 'long long unsigned int'} [-Wformat=]
sfm-read.c:554:14: warning: format '%ld' expects argument of type 'long int', but argument 5 has type 'long long unsigned int' [-Wformat=]
sfm-read.c:621:14: warning: format '%lu' expects argument of type 'long unsigned int', but argument 5 has type 'long long unsigned int' [-Wformat=]
sfm-read.c:802:14: warning: format '%ld' expects argument of type 'long int', but argument 4 has type 'long long unsigned int' [-Wformat=]
See 'd:/Rcompile/CRANpkg/local/4.4/foreign.Rcheck/00install.out' for details.
* used C compiler: 'gcc.exe (GCC) 12.3.0'
Flavor: r-devel-windows-x86_64