CRAN Package Check Results for Package forestmodel

Last updated on 2021-05-09 08:50:17 CEST.

Flavor Version Tinstall Tcheck Ttotal Status Flags
r-devel-linux-x86_64-debian-clang 0.6.2 5.80 56.04 61.84 NOTE
r-devel-linux-x86_64-debian-gcc 0.6.2 5.02 41.75 46.77 NOTE
r-devel-linux-x86_64-fedora-clang 0.6.2 82.62 NOTE
r-devel-linux-x86_64-fedora-gcc 0.6.2 70.44 NOTE
r-devel-windows-ix86+x86_64 0.6.2 27.00 83.00 110.00 NOTE
r-devel-windows-x86_64-gcc10-UCRT 0.6.2 NOTE
r-patched-linux-x86_64 0.6.2 5.88 52.27 58.15 NOTE
r-patched-solaris-x86 0.6.2 104.10 OK
r-release-linux-x86_64 0.6.2 5.70 51.23 56.93 OK
r-release-macos-x86_64 0.6.2 OK
r-release-windows-ix86+x86_64 0.6.2 11.00 54.00 65.00 OK
r-oldrel-macos-x86_64 0.6.2 OK
r-oldrel-windows-ix86+x86_64 0.6.2 12.00 67.00 79.00 OK

Check Details

Version: 0.6.2
Check: LazyData
Result: NOTE
     'LazyData' is specified without a 'data' directory
Flavors: r-devel-linux-x86_64-debian-clang, r-devel-linux-x86_64-debian-gcc, r-devel-linux-x86_64-fedora-clang, r-devel-linux-x86_64-fedora-gcc, r-devel-windows-ix86+x86_64, r-devel-windows-x86_64-gcc10-UCRT, r-patched-linux-x86_64