Last updated on 2024-03-12 07:49:53 CET.
Flavor | Version | Tinstall | Tcheck | Ttotal | Status | Flags |
---|---|---|---|---|---|---|
r-devel-linux-x86_64-debian-clang | 0.6.2 | 6.28 | 57.41 | 63.69 | NOTE | |
r-devel-linux-x86_64-debian-gcc | 0.6.2 | 6.15 | 45.04 | 51.19 | NOTE | |
r-devel-linux-x86_64-fedora-clang | 0.6.2 | 81.56 | NOTE | |||
r-devel-linux-x86_64-fedora-gcc | 0.6.2 | 77.44 | NOTE | |||
r-devel-windows-x86_64 | 0.6.2 | 8.00 | 63.00 | 71.00 | NOTE | |
r-patched-linux-x86_64 | 0.6.2 | 4.83 | 57.04 | 61.87 | NOTE | |
r-release-linux-x86_64 | 0.6.2 | 4.59 | 56.95 | 61.54 | NOTE | |
r-release-macos-arm64 | 0.6.2 | 27.00 | NOTE | |||
r-release-macos-x86_64 | 0.6.2 | 37.00 | NOTE | |||
r-release-windows-x86_64 | 0.6.2 | 9.00 | 70.00 | 79.00 | NOTE | |
r-oldrel-macos-arm64 | 0.6.2 | 24.00 | NOTE | |||
r-oldrel-windows-x86_64 | 0.6.2 | 10.00 | 75.00 | 85.00 | NOTE |
Version: 0.6.2
Check: LazyData
Result: NOTE
'LazyData' is specified without a 'data' directory
Flavors: r-devel-linux-x86_64-debian-clang, r-devel-linux-x86_64-debian-gcc, r-devel-linux-x86_64-fedora-clang, r-devel-linux-x86_64-fedora-gcc, r-devel-windows-x86_64, r-patched-linux-x86_64, r-release-linux-x86_64, r-release-macos-arm64, r-release-macos-x86_64, r-release-windows-x86_64, r-oldrel-macos-arm64, r-oldrel-windows-x86_64