CRAN Package Check Results for Package foster

Last updated on 2021-05-06 08:49:21 CEST.

Flavor Version Tinstall Tcheck Ttotal Status Flags
r-devel-linux-x86_64-debian-clang 0.1.1 7.53 225.14 232.67 OK
r-devel-linux-x86_64-debian-gcc 0.1.1 5.04 170.61 175.65 OK
r-devel-linux-x86_64-fedora-clang 0.1.1 270.37 NOTE
r-devel-linux-x86_64-fedora-gcc 0.1.1 262.45 NOTE
r-devel-windows-ix86+x86_64 0.1.1 18.00 263.00 281.00 OK
r-devel-windows-x86_64-gcc10-UCRT 0.1.1 NOTE
r-patched-linux-x86_64 0.1.1 6.79 211.77 218.56 OK
r-patched-solaris-x86 0.1.1 365.10 NOTE
r-release-linux-x86_64 0.1.1 5.17 214.28 219.45 OK
r-release-macos-x86_64 0.1.1 NOTE
r-release-windows-ix86+x86_64 0.1.1 13.00 208.00 221.00 OK
r-oldrel-macos-x86_64 0.1.1 NOTE
r-oldrel-windows-ix86+x86_64 0.1.1 12.00 259.00 271.00 OK

Check Details

Version: 0.1.1
Check: dependencies in R code
Result: NOTE
    Namespace in Imports field not imported from: ‘spatstat’
     All declared Imports should be used.
Flavors: r-devel-linux-x86_64-fedora-clang, r-devel-linux-x86_64-fedora-gcc, r-devel-windows-x86_64-gcc10-UCRT, r-patched-solaris-x86, r-release-macos-x86_64, r-oldrel-macos-x86_64