Last updated on 2024-04-23 08:57:56 CEST.
Flavor | Version | Tinstall | Tcheck | Ttotal | Status | Flags |
---|---|---|---|---|---|---|
r-devel-linux-x86_64-debian-clang | 2.5 | 8.87 | 91.59 | 100.46 | OK | |
r-devel-linux-x86_64-debian-gcc | 2.5 | 6.53 | 66.06 | 72.59 | OK | |
r-devel-linux-x86_64-fedora-clang | 2.5 | 122.53 | OK | |||
r-devel-linux-x86_64-fedora-gcc | 2.5 | 117.80 | OK | |||
r-prerel-macos-arm64 | 2.5 | 33.00 | OK | |||
r-prerel-windows-x86_64 | 2.5 | 9.00 | 89.00 | 98.00 | OK | |
r-patched-linux-x86_64 | 2.5 | 7.83 | 86.27 | 94.10 | OK | |
r-release-linux-x86_64 | 2.5 | 6.80 | 86.40 | 93.20 | OK | |
r-release-macos-arm64 | 2.5 | 39.00 | OK | |||
r-release-macos-x86_64 | 2.5 | 56.00 | NOTE | |||
r-release-windows-x86_64 | 2.5 | 12.00 | 104.00 | 116.00 | OK | |
r-oldrel-macos-arm64 | 2.5 | 35.00 | OK | |||
r-oldrel-windows-x86_64 | 2.5 | 11.00 | 105.00 | 116.00 | OK |
Version: 2.5
Check: package dependencies
Result: NOTE
Package suggested but not available for checking: ‘Mcomp’
Flavor: r-release-macos-x86_64