CRAN Package Check Results for Package fpp3

Last updated on 2021-05-06 08:49:21 CEST.

Flavor Version Tinstall Tcheck Ttotal Status Flags
r-devel-linux-x86_64-debian-clang 0.4.0 8.11 67.36 75.47 OK
r-devel-linux-x86_64-debian-gcc 0.4.0 6.22 50.97 57.19 OK
r-devel-linux-x86_64-fedora-clang 0.4.0 97.22 NOTE
r-devel-linux-x86_64-fedora-gcc 0.4.0 87.72 NOTE
r-devel-windows-ix86+x86_64 0.4.0 22.00 93.00 115.00 OK
r-devel-windows-x86_64-gcc10-UCRT 0.4.0 NOTE
r-patched-linux-x86_64 0.4.0 6.41 63.36 69.77 OK
r-patched-solaris-x86 0.4.0 129.00 NOTE
r-release-linux-x86_64 0.4.0 8.19 63.59 71.78 OK
r-release-macos-x86_64 0.4.0 NOTE
r-release-windows-ix86+x86_64 0.4.0 14.00 70.00 84.00 OK
r-oldrel-macos-x86_64 0.4.0 NOTE
r-oldrel-windows-ix86+x86_64 0.4.0 18.00 89.00 107.00 OK

Check Details

Version: 0.4.0
Check: dependencies in R code
Result: NOTE
    Namespaces in Imports field not imported from:
     ‘dplyr’ ‘fable’ ‘fabletools’ ‘feasts’ ‘ggplot2’ ‘lubridate’ ‘tibble’
     ‘tidyr’ ‘tsibble’ ‘tsibbledata’ ‘urca’
     All declared Imports should be used.
Flavors: r-devel-linux-x86_64-fedora-clang, r-devel-linux-x86_64-fedora-gcc, r-devel-windows-x86_64-gcc10-UCRT, r-patched-solaris-x86, r-release-macos-x86_64, r-oldrel-macos-x86_64