Last updated on 2025-01-25 07:50:25 CET.
Flavor | Version | Tinstall | Tcheck | Ttotal | Status | Flags |
---|---|---|---|---|---|---|
r-devel-linux-x86_64-debian-clang | 0.5.2 | 2.29 | 44.56 | 46.85 | NOTE | |
r-devel-linux-x86_64-debian-gcc | 0.5.2 | 1.83 | 34.67 | 36.50 | NOTE | |
r-devel-linux-x86_64-fedora-clang | 0.5.2 | 76.43 | OK | |||
r-devel-linux-x86_64-fedora-gcc | 0.5.2 | 88.35 | NOTE | |||
r-devel-windows-x86_64 | 0.5.2 | 5.00 | 64.00 | 69.00 | OK | |
r-patched-linux-x86_64 | 0.5.2 | 2.68 | 41.74 | 44.42 | OK | |
r-release-linux-x86_64 | 0.5.2 | 2.43 | 41.64 | 44.07 | OK | |
r-release-macos-arm64 | 0.5.2 | 36.00 | OK | |||
r-release-macos-x86_64 | 0.5.2 | 52.00 | OK | |||
r-release-windows-x86_64 | 0.5.2 | 5.00 | 62.00 | 67.00 | OK | |
r-oldrel-macos-arm64 | 0.5.2 | 36.00 | OK | |||
r-oldrel-macos-x86_64 | 0.5.2 | 52.00 | OK | |||
r-oldrel-windows-x86_64 | 0.5.2 | 5.00 | 67.00 | 72.00 | OK |
Version: 0.5.2
Check: DESCRIPTION meta-information
Result: NOTE
Missing dependency on R >= 4.1.0 because package code uses the pipe
|> or function shorthand \(...) syntax added in R 4.1.0.
File(s) using such syntax:
‘fr_schema.R’ ‘fr_tdr.R’ ‘read_fr_tdr.R’ ‘update_field.R’
Flavors: r-devel-linux-x86_64-debian-clang, r-devel-linux-x86_64-debian-gcc, r-devel-linux-x86_64-fedora-gcc