CRAN Package Check Results for Package fractD

Last updated on 2021-05-09 08:50:17 CEST.

Flavor Version Tinstall Tcheck Ttotal Status Flags
r-devel-linux-x86_64-debian-clang 0.1.0 2.52 48.53 51.05 NOTE
r-devel-linux-x86_64-debian-gcc 0.1.0 2.02 40.78 42.80 NOTE
r-devel-linux-x86_64-fedora-clang 0.1.0 73.41 NOTE
r-devel-linux-x86_64-fedora-gcc 0.1.0 65.33 NOTE
r-devel-windows-ix86+x86_64 0.1.0 4.00 76.00 80.00 NOTE
r-devel-windows-x86_64-gcc10-UCRT 0.1.0 NOTE
r-patched-linux-x86_64 0.1.0 2.46 50.17 52.63 NOTE
r-patched-solaris-x86 0.1.0 129.20 OK
r-release-linux-x86_64 0.1.0 2.65 50.76 53.41 OK
r-release-macos-x86_64 0.1.0 OK
r-release-windows-ix86+x86_64 0.1.0 4.00 60.00 64.00 OK
r-oldrel-macos-x86_64 0.1.0 OK
r-oldrel-windows-ix86+x86_64 0.1.0 5.00 75.00 80.00 OK

Check Details

Version: 0.1.0
Check: LazyData
Result: NOTE
     'LazyData' is specified without a 'data' directory
Flavors: r-devel-linux-x86_64-debian-clang, r-devel-linux-x86_64-debian-gcc, r-devel-linux-x86_64-fedora-clang, r-devel-linux-x86_64-fedora-gcc, r-devel-windows-ix86+x86_64, r-devel-windows-x86_64-gcc10-UCRT, r-patched-linux-x86_64