CRAN Package Check Results for Package fractional

Last updated on 2024-06-12 08:56:01 CEST.

Flavor Version Tinstall Tcheck Ttotal Status Flags
r-devel-linux-x86_64-debian-clang 0.1.3 20.83 43.41 64.24 NOTE
r-devel-linux-x86_64-debian-gcc 0.1.3 12.83 33.58 46.41 NOTE
r-devel-linux-x86_64-fedora-clang 0.1.3 89.81 NOTE
r-devel-linux-x86_64-fedora-gcc 0.1.3 98.91 NOTE
r-devel-windows-x86_64 0.1.3 16.00 71.00 87.00 NOTE
r-patched-linux-x86_64 0.1.3 15.34 42.00 57.34 NOTE
r-release-linux-x86_64 0.1.3 16.93 41.57 58.50 NOTE
r-release-macos-arm64 0.1.3 32.00 NOTE
r-release-macos-x86_64 0.1.3 47.00 NOTE
r-release-windows-x86_64 0.1.3 17.00 76.00 93.00 NOTE
r-oldrel-macos-arm64 0.1.3 34.00 NOTE
r-oldrel-macos-x86_64 0.1.3 52.00 NOTE
r-oldrel-windows-x86_64 0.1.3 20.00 83.00 103.00 NOTE

Check Details

Version: 0.1.3
Check: LazyData
Result: NOTE 'LazyData' is specified without a 'data' directory Flavors: r-devel-linux-x86_64-debian-clang, r-devel-linux-x86_64-debian-gcc, r-devel-linux-x86_64-fedora-clang, r-devel-linux-x86_64-fedora-gcc, r-devel-windows-x86_64, r-patched-linux-x86_64, r-release-linux-x86_64, r-release-macos-arm64, r-release-macos-x86_64, r-release-windows-x86_64, r-oldrel-macos-arm64, r-oldrel-macos-x86_64, r-oldrel-windows-x86_64

Version: 0.1.3
Check: compiled code
Result: NOTE File ‘fractional/libs/fractional.so’: Found no calls to: ‘R_registerRoutines’, ‘R_useDynamicSymbols’ It is good practice to register native routines and to disable symbol search. See ‘Writing portable packages’ in the ‘Writing R Extensions’ manual. Flavors: r-devel-linux-x86_64-fedora-clang, r-devel-linux-x86_64-fedora-gcc