Last updated on 2024-08-31 08:48:12 CEST.
Flavor | Version | Tinstall | Tcheck | Ttotal | Status | Flags |
---|---|---|---|---|---|---|
r-devel-linux-x86_64-debian-clang | 2.1.0 | 3.00 | 50.16 | 53.16 | OK | |
r-devel-linux-x86_64-debian-gcc | 2.1.0 | 2.23 | 37.75 | 39.98 | OK | |
r-devel-linux-x86_64-fedora-clang | 2.1.0 | 88.52 | NOTE | |||
r-devel-linux-x86_64-fedora-gcc | 2.1.0 | 101.33 | NOTE | |||
r-devel-windows-x86_64 | 2.1.0 | 6.00 | 80.00 | 86.00 | OK | |
r-patched-linux-x86_64 | 2.1.0 | 4.82 | 47.91 | 52.73 | OK | |
r-release-linux-x86_64 | 2.1.0 | 3.38 | 48.42 | 51.80 | OK | |
r-release-macos-arm64 | 2.1.0 | 37.00 | OK | |||
r-release-macos-x86_64 | 2.1.0 | 57.00 | OK | |||
r-release-windows-x86_64 | 2.1.0 | 7.00 | 86.00 | 93.00 | OK | |
r-oldrel-macos-arm64 | 2.1.0 | 41.00 | OK | |||
r-oldrel-macos-x86_64 | 2.1.0 | 55.00 | OK | |||
r-oldrel-windows-x86_64 | 2.1.0 | 6.00 | 85.00 | 91.00 | OK |
Version: 2.1.0
Check: data for non-ASCII characters
Result: NOTE
Note: found 1 marked UTF-8 string
Flavors: r-devel-linux-x86_64-fedora-clang, r-devel-linux-x86_64-fedora-gcc