Last updated on 2024-04-28 08:54:49 CEST.
Flavor | Version | Tinstall | Tcheck | Ttotal | Status | Flags |
---|---|---|---|---|---|---|
r-devel-linux-x86_64-debian-clang | 1.0.1 | 33.52 | 29.09 | 62.61 | WARN | |
r-devel-linux-x86_64-debian-gcc | 1.0.1 | 22.28 | 22.03 | 44.31 | NOTE | |
r-devel-linux-x86_64-fedora-clang | 1.0.1 | 84.00 | NOTE | |||
r-devel-linux-x86_64-fedora-gcc | 1.0.1 | 81.50 | NOTE | |||
r-devel-windows-x86_64 | 1.0.1 | 24.00 | 58.00 | 82.00 | NOTE | |
r-patched-linux-x86_64 | 1.0.1 | 33.80 | 27.61 | 61.41 | NOTE | |
r-release-linux-x86_64 | 1.0.1 | 32.41 | 27.18 | 59.59 | NOTE | |
r-release-macos-arm64 | 1.0.1 | 25.00 | NOTE | |||
r-release-windows-x86_64 | 1.0.1 | 26.00 | 59.00 | 85.00 | NOTE | |
r-oldrel-macos-arm64 | 1.0.1 | 28.00 | NOTE | |||
r-oldrel-macos-x86_64 | 1.0.1 | 41.00 | NOTE | |||
r-oldrel-windows-x86_64 | 1.0.1 | 31.00 | 66.00 | 97.00 | NOTE |
Version: 1.0.1
Check: whether package can be installed
Result: WARN
Found the following significant warnings:
main.cpp:32:9: warning: using integer absolute value function 'abs' when argument is of floating point type [-Wabsolute-value]
See ‘/home/hornik/tmp/R.check/r-devel-clang/Work/PKGS/free.Rcheck/00install.out’ for details.
* used C++ compiler: ‘Debian clang version 18.1.0 (rc4-1)’
Flavor: r-devel-linux-x86_64-debian-clang
Version: 1.0.1
Check: C++ specification
Result: NOTE
Specified C++11: please drop specification unless essential
Flavors: r-devel-linux-x86_64-debian-clang, r-devel-linux-x86_64-debian-gcc, r-devel-linux-x86_64-fedora-clang, r-devel-linux-x86_64-fedora-gcc, r-devel-windows-x86_64, r-patched-linux-x86_64, r-release-linux-x86_64, r-release-macos-arm64, r-release-windows-x86_64, r-oldrel-macos-arm64, r-oldrel-macos-x86_64, r-oldrel-windows-x86_64