CRAN Package Check Results for Package fromo

Last updated on 2021-05-10 08:49:10 CEST.

Flavor Version Tinstall Tcheck Ttotal Status Flags
r-devel-linux-x86_64-debian-clang 0.2.1 381.36 52.02 433.38 OK
r-devel-linux-x86_64-debian-gcc 0.2.1 249.06 43.70 292.76 OK
r-devel-linux-x86_64-fedora-clang 0.2.1 651.89 NOTE
r-devel-linux-x86_64-fedora-gcc 0.2.1 514.93 OK
r-devel-windows-ix86+x86_64 0.2.1 520.00 130.00 650.00 NOTE
r-devel-windows-x86_64-gcc10-UCRT 0.2.1 OK
r-patched-linux-x86_64 0.2.1 282.60 54.02 336.62 OK
r-patched-solaris-x86 0.2.1 448.10 OK
r-release-linux-x86_64 0.2.1 279.19 53.92 333.11 OK
r-release-macos-x86_64 0.2.1 NOTE
r-release-windows-ix86+x86_64 0.2.1 494.00 114.00 608.00 NOTE
r-oldrel-macos-x86_64 0.2.1 NOTE
r-oldrel-windows-ix86+x86_64 0.2.1 655.00 132.00 787.00 NOTE

Check Details

Version: 0.2.1
Check: installed package size
Result: NOTE
     installed size is 39.2Mb
     sub-directories of 1Mb or more:
     libs 38.7Mb
Flavors: r-devel-linux-x86_64-fedora-clang, r-devel-windows-ix86+x86_64, r-release-macos-x86_64, r-release-windows-ix86+x86_64, r-oldrel-macos-x86_64, r-oldrel-windows-ix86+x86_64