Last updated on 2024-04-17 08:57:31 CEST.
Flavor | Version | Tinstall | Tcheck | Ttotal | Status | Flags |
---|---|---|---|---|---|---|
r-devel-linux-x86_64-debian-clang | 0.2.1 | 386.42 | 59.14 | 445.56 | OK | |
r-devel-linux-x86_64-debian-gcc | 0.2.1 | 306.96 | 49.81 | 356.77 | OK | |
r-devel-linux-x86_64-fedora-clang | 0.2.1 | 547.30 | NOTE | |||
r-devel-linux-x86_64-fedora-gcc | 0.2.1 | 684.62 | OK | |||
r-prerel-macos-arm64 | 0.2.1 | 123.00 | NOTE | |||
r-prerel-windows-x86_64 | 0.2.1 | 245.00 | 116.00 | 361.00 | OK | |
r-patched-linux-x86_64 | 0.2.1 | 335.93 | 63.74 | 399.67 | OK | |
r-release-linux-x86_64 | 0.2.1 | 356.10 | 63.95 | 420.05 | OK | |
r-release-macos-arm64 | 0.2.1 | 162.00 | NOTE | |||
r-release-macos-x86_64 | 0.2.1 | 278.00 | NOTE | |||
r-release-windows-x86_64 | 0.2.1 | 207.00 | 130.00 | 337.00 | OK | |
r-oldrel-macos-arm64 | 0.2.1 | 150.00 | NOTE | |||
r-oldrel-windows-x86_64 | 0.2.1 | 256.00 | 117.00 | 373.00 | OK |
Version: 0.2.1
Check: installed package size
Result: NOTE
installed size is 8.0Mb
sub-directories of 1Mb or more:
libs 7.5Mb
Flavors: r-devel-linux-x86_64-fedora-clang, r-prerel-macos-arm64, r-release-macos-arm64, r-release-macos-x86_64, r-oldrel-macos-arm64