Last updated on 2024-03-12 07:49:54 CET.
Flavor | Version | Tinstall | Tcheck | Ttotal | Status | Flags |
---|---|---|---|---|---|---|
r-devel-linux-x86_64-debian-clang | 0.9.4.4 | 18.75 | 145.58 | 164.33 | NOTE | |
r-devel-linux-x86_64-debian-gcc | 0.9.4.4 | 13.44 | 113.55 | 126.99 | NOTE | |
r-devel-linux-x86_64-fedora-clang | 0.9.4.4 | 207.39 | NOTE | |||
r-devel-linux-x86_64-fedora-gcc | 0.9.4.4 | 213.78 | NOTE | |||
r-devel-windows-x86_64 | 0.9.4.4 | 15.00 | 131.00 | 146.00 | NOTE | |
r-patched-linux-x86_64 | 0.9.4.4 | 12.08 | 147.27 | 159.35 | NOTE | |
r-release-linux-x86_64 | 0.9.4.4 | 11.84 | 144.81 | 156.65 | NOTE | |
r-release-macos-arm64 | 0.9.4.4 | 73.00 | NOTE | |||
r-release-macos-x86_64 | 0.9.4.4 | 122.00 | NOTE | |||
r-release-windows-x86_64 | 0.9.4.4 | 20.00 | 151.00 | 171.00 | NOTE | |
r-oldrel-macos-arm64 | 0.9.4.4 | 61.00 | NOTE | |||
r-oldrel-windows-x86_64 | 0.9.4.4 | 21.00 | 159.00 | 180.00 | NOTE |
Version: 0.9.4.4
Check: package dependencies
Result: NOTE
Packages suggested but not available for checking:
'extraTrees', 'foba', 'nodeHarvest', 'obliqueRF', 'penalizedLDA',
'relaxo', 'rrlda'
Flavors: r-devel-linux-x86_64-debian-clang, r-devel-linux-x86_64-debian-gcc, r-devel-linux-x86_64-fedora-clang, r-devel-linux-x86_64-fedora-gcc, r-patched-linux-x86_64, r-release-linux-x86_64
Version: 0.9.4.4
Check: package dependencies
Result: NOTE
Packages suggested but not available for checking:
'extraTrees', 'foba', 'nodeHarvest', 'obliqueRF', 'relaxo', 'rrlda'
Flavors: r-devel-windows-x86_64, r-release-macos-arm64, r-release-macos-x86_64, r-release-windows-x86_64, r-oldrel-windows-x86_64
Version: 0.9.4.4
Check: package dependencies
Result: NOTE
Packages suggested but not available for checking: 'foba', 'rrlda'
Flavor: r-oldrel-macos-arm64