Last updated on 2024-08-31 08:48:12 CEST.
Flavor | Version | Tinstall | Tcheck | Ttotal | Status | Flags |
---|---|---|---|---|---|---|
r-devel-linux-x86_64-debian-clang | 0.3.6 | 2.45 | 25.58 | 28.03 | OK | |
r-devel-linux-x86_64-debian-gcc | 0.3.6 | 1.84 | 20.20 | 22.04 | OK | |
r-devel-linux-x86_64-fedora-clang | 0.3.6 | 45.53 | NOTE | |||
r-devel-linux-x86_64-fedora-gcc | 0.3.6 | 44.25 | NOTE | |||
r-devel-windows-x86_64 | 0.3.6 | 5.00 | 53.00 | 58.00 | OK | |
r-patched-linux-x86_64 | 0.3.6 | 2.37 | 24.56 | 26.93 | OK | |
r-release-linux-x86_64 | 0.3.6 | 2.43 | 24.55 | 26.98 | OK | |
r-release-macos-arm64 | 0.3.6 | 21.00 | OK | |||
r-release-macos-x86_64 | 0.3.6 | 39.00 | OK | |||
r-release-windows-x86_64 | 0.3.6 | 5.00 | 58.00 | 63.00 | OK | |
r-oldrel-macos-arm64 | 0.3.6 | 27.00 | OK | |||
r-oldrel-macos-x86_64 | 0.3.6 | 41.00 | OK | |||
r-oldrel-windows-x86_64 | 0.3.6 | 5.00 | 57.00 | 62.00 | OK |
Version: 0.3.6
Check: data for non-ASCII characters
Result: NOTE
Note: found 7921 marked UTF-8 strings
Flavors: r-devel-linux-x86_64-fedora-clang, r-devel-linux-x86_64-fedora-gcc