Last updated on 2024-04-24 07:57:40 CEST.
Flavor | Version | Tinstall | Tcheck | Ttotal | Status | Flags |
---|---|---|---|---|---|---|
r-devel-linux-x86_64-debian-clang | 0.1.0 | 4.65 | 61.68 | 66.33 | NOTE | |
r-devel-linux-x86_64-debian-gcc | 0.1.0 | 3.81 | 45.90 | 49.71 | NOTE | |
r-devel-linux-x86_64-fedora-clang | 0.1.0 | 84.34 | NOTE | |||
r-devel-linux-x86_64-fedora-gcc | 0.1.0 | 93.04 | NOTE | |||
r-prerel-macos-arm64 | 0.1.0 | 29.00 | NOTE | |||
r-prerel-windows-x86_64 | 0.1.0 | 7.00 | 63.00 | 70.00 | NOTE | |
r-patched-linux-x86_64 | 0.1.0 | 5.02 | 59.08 | 64.10 | NOTE | |
r-release-linux-x86_64 | 0.1.0 | 5.34 | 56.97 | 62.31 | NOTE | |
r-release-macos-arm64 | 0.1.0 | 34.00 | NOTE | |||
r-release-macos-x86_64 | 0.1.0 | 51.00 | NOTE | |||
r-release-windows-x86_64 | 0.1.0 | 8.00 | 69.00 | 77.00 | NOTE | |
r-oldrel-macos-arm64 | 0.1.0 | 25.00 | NOTE | |||
r-oldrel-windows-x86_64 | 0.1.0 | 7.00 | 73.00 | 80.00 | NOTE |
Version: 0.1.0
Check: LazyData
Result: NOTE
'LazyData' is specified without a 'data' directory
Flavors: r-devel-linux-x86_64-debian-clang, r-devel-linux-x86_64-debian-gcc, r-devel-linux-x86_64-fedora-clang, r-devel-linux-x86_64-fedora-gcc, r-prerel-macos-arm64, r-prerel-windows-x86_64, r-patched-linux-x86_64, r-release-linux-x86_64, r-release-macos-arm64, r-release-macos-x86_64, r-release-windows-x86_64, r-oldrel-macos-arm64, r-oldrel-windows-x86_64