CRAN Package Check Results for Package future

Last updated on 2020-11-24 07:48:45 CET.

Flavor Version Tinstall Tcheck Ttotal Status Flags
r-devel-linux-x86_64-debian-clang 1.20.1 10.53 184.01 194.54 OK
r-devel-linux-x86_64-debian-gcc 1.20.1 7.36 145.71 153.07 OK
r-devel-linux-x86_64-fedora-clang 1.20.1 260.62 OK
r-devel-linux-x86_64-fedora-gcc 1.20.1 256.20 OK
r-devel-windows-ix86+x86_64 1.20.1 14.00 338.00 352.00 OK
r-patched-linux-x86_64 1.20.1 9.27 189.22 198.49 OK
r-patched-solaris-x86 1.20.1 118.40 OK --no-tests
r-release-linux-x86_64 1.20.1 10.03 186.38 196.41 OK
r-release-macos-x86_64 1.20.1 OK
r-release-windows-ix86+x86_64 1.20.1 12.00 272.00 284.00 OK
r-oldrel-macos-x86_64 1.20.1 NOTE
r-oldrel-windows-ix86+x86_64 1.20.1 9.00 308.00 317.00 NOTE

Check Details

Version: 1.20.1
Check: R code for possible problems
Result: NOTE
    getExpression.ClusterFuture: no visible global function definition for
     ‘.’
    getExpression.ClusterFuture : <anonymous>: no visible global function
     definition for ‘.’
    getExpression.Future: no visible global function definition for ‘.’
    getExpression.MulticoreFuture: no visible global function definition
     for ‘.’
    getExpression.MulticoreFuture : <anonymous>: no visible global function
     definition for ‘.’
    makeExpression: no visible global function definition for ‘.’
    makeExpression : sysCalls: no visible global function definition for
     ‘.’
    makeExpression : <anonymous>: no visible global function definition for
     ‘.’
    tweak.future: no visible global function definition for ‘..’
    Undefined global functions or variables:
     . ..
Flavor: r-oldrel-macos-x86_64

Version: 1.20.1
Check: R code for possible problems
Result: NOTE
    getExpression.ClusterFuture: Error while checking: no local variable
     entry
    getExpression.Future: Error while checking: no local variable entry
    getExpression.MulticoreFuture: Error while checking: no local variable
     entry
    makeExpression: no visible global function definition for '.'
    makeExpression: Error while checking: no local variable entry
    tweak.future: no visible global function definition for '..'
    Undefined global functions or variables:
     . ..
Flavor: r-oldrel-windows-ix86+x86_64