Last updated on 2024-03-12 07:49:54 CET.
Flavor | Version | Tinstall | Tcheck | Ttotal | Status | Flags |
---|---|---|---|---|---|---|
r-devel-linux-x86_64-debian-clang | 1.0.8 | 5.59 | 144.69 | 150.28 | OK | |
r-devel-linux-x86_64-debian-gcc | 1.0.8 | 5.24 | 111.99 | 117.23 | OK | |
r-devel-linux-x86_64-fedora-clang | 1.0.8 | 191.86 | OK | |||
r-devel-linux-x86_64-fedora-gcc | 1.0.8 | 182.85 | OK | |||
r-devel-windows-x86_64 | 1.0.8 | 19.00 | 128.00 | 147.00 | OK | |
r-patched-linux-x86_64 | 1.0.8 | 6.96 | 147.18 | 154.14 | OK | |
r-release-linux-x86_64 | 1.0.8 | 5.67 | 145.25 | 150.92 | OK | |
r-release-macos-arm64 | 1.0.8 | 27.00 | NOTE | |||
r-release-macos-x86_64 | 1.0.8 | 40.00 | NOTE | |||
r-release-windows-x86_64 | 1.0.8 | 27.00 | 153.00 | 180.00 | OK | |
r-oldrel-macos-arm64 | 1.0.8 | 24.00 | NOTE | |||
r-oldrel-windows-x86_64 | 1.0.8 | 26.00 | 195.00 | 221.00 | OK |
Version: 1.0.8
Check: package dependencies
Result: NOTE
Package suggested but not available for checking: ‘WGCNA’
Flavors: r-release-macos-arm64, r-release-macos-x86_64, r-oldrel-macos-arm64