CRAN Package Check Results for Package fxl

Last updated on 2024-04-21 08:53:44 CEST.

Flavor Version Tinstall Tcheck Ttotal Status Flags
r-devel-linux-x86_64-debian-clang 1.6.3 8.01 106.66 114.67 OK
r-devel-linux-x86_64-debian-gcc 1.6.3 5.98 78.62 84.60 OK
r-devel-linux-x86_64-fedora-clang 1.6.3 146.07 NOTE
r-devel-linux-x86_64-fedora-gcc 1.6.3 149.15 OK
r-prerel-macos-arm64 1.6.3 41.00 NOTE
r-prerel-windows-x86_64 1.6.3 9.00 94.00 103.00 NOTE
r-patched-linux-x86_64 1.6.3 7.60 102.99 110.59 OK
r-release-linux-x86_64 1.6.3 7.08 99.04 106.12 OK
r-release-macos-arm64 1.6.3 54.00 NOTE
r-release-macos-x86_64 1.6.3 126.00 NOTE
r-release-windows-x86_64 1.6.3 10.00 106.00 116.00 NOTE
r-oldrel-macos-arm64 1.6.3 47.00 NOTE
r-oldrel-windows-x86_64 1.6.3 10.00 104.00 114.00 NOTE

Check Details

Version: 1.6.3
Check: installed package size
Result: NOTE installed size is 5.8Mb sub-directories of 1Mb or more: doc 1.1Mb help 4.2Mb Flavors: r-devel-linux-x86_64-fedora-clang, r-prerel-macos-arm64, r-prerel-windows-x86_64, r-release-macos-arm64, r-release-macos-x86_64, r-release-windows-x86_64, r-oldrel-macos-arm64, r-oldrel-windows-x86_64